{"id":1811,"date":"2021-01-01T15:54:50","date_gmt":"2021-01-01T15:54:50","guid":{"rendered":"https:\/\/migrate.worlddancemovement.com\/?page_id=1811"},"modified":"2023-10-09T21:56:44","modified_gmt":"2023-10-09T21:56:44","slug":"francesca-dario","status":"publish","type":"page","link":"https:\/\/worlddancemovement.com\/de\/faculty\/francesca-dario\/","title":{"rendered":"FRANCESCA DARIO"},"content":{"rendered":"<div data-elementor-type=\"wp-page\" data-elementor-id=\"1811\" class=\"elementor elementor-1811\" data-elementor-post-type=\"page\">\n\t\t\t\t\t\t<section class=\"elementor-section elementor-top-section elementor-element elementor-element-94ec49d elementor-section-full_width elementor-section-height-min-height elementor-section-height-default elementor-section-items-middle\" data-id=\"94ec49d\" data-element_type=\"section\" data-e-type=\"section\" data-settings=\"{&quot;background_background&quot;:&quot;classic&quot;}\">\n\t\t\t\t\t\t\t<div class=\"elementor-background-overlay\"><\/div>\n\t\t\t\t\t\t\t<div class=\"elementor-container elementor-column-gap-no\">\n\t\t\t\t\t<div class=\"elementor-column elementor-col-100 elementor-top-column elementor-element elementor-element-8268956\" data-id=\"8268956\" data-element_type=\"column\" data-e-type=\"column\">\n\t\t\t<div class=\"elementor-widget-wrap elementor-element-populated\">\n\t\t\t\t\t\t<div class=\"elementor-element elementor-element-5016628 elementor-widget elementor-widget-heading\" data-id=\"5016628\" data-element_type=\"widget\" data-e-type=\"widget\" data-widget_type=\"heading.default\">\n\t\t\t\t<div class=\"elementor-widget-container\">\n\t\t\t\t\t<h2 class=\"elementor-heading-title elementor-size-default\">FRANCESCA DARIO\n<\/h2>\t\t\t\t<\/div>\n\t\t\t\t<\/div>\n\t\t\t\t<div class=\"elementor-element elementor-element-a86216f elementor-widget-divider--view-line elementor-widget elementor-widget-divider\" data-id=\"a86216f\" data-element_type=\"widget\" data-e-type=\"widget\" data-widget_type=\"divider.default\">\n\t\t\t\t<div class=\"elementor-widget-container\">\n\t\t\t\t\t\t\t<div class=\"elementor-divider\">\n\t\t\t<span class=\"elementor-divider-separator\">\n\t\t\t\t\t\t<\/span>\n\t\t<\/div>\n\t\t\t\t\t\t<\/div>\n\t\t\t\t<\/div>\n\t\t\t\t\t<\/div>\n\t\t<\/div>\n\t\t\t\t\t<\/div>\n\t\t<\/section>\n\t\t\t\t<section class=\"elementor-section elementor-top-section elementor-element elementor-element-a2d6cca elementor-section-full_width elementor-section-height-default elementor-section-height-default\" data-id=\"a2d6cca\" data-element_type=\"section\" data-e-type=\"section\">\n\t\t\t\t\t\t<div class=\"elementor-container elementor-column-gap-default\">\n\t\t\t\t\t<div class=\"elementor-column elementor-col-100 elementor-top-column elementor-element elementor-element-a45c6d3\" data-id=\"a45c6d3\" data-element_type=\"column\" data-e-type=\"column\">\n\t\t\t<div class=\"elementor-widget-wrap elementor-element-populated\">\n\t\t\t\t\t\t<div class=\"elementor-element elementor-element-f854b1f elementor-widget elementor-widget-heading\" data-id=\"f854b1f\" data-element_type=\"widget\" data-e-type=\"widget\" data-widget_type=\"heading.default\">\n\t\t\t\t<div class=\"elementor-widget-container\">\n\t\t\t\t\t<h2 class=\"elementor-heading-title elementor-size-default\">USA\/Italien \u2013 Klasse: Ballett\n\n\n\n\n\n\n\n\n\n\n\n\n<\/h2>\t\t\t\t<\/div>\n\t\t\t\t<\/div>\n\t\t\t\t<div class=\"elementor-element elementor-element-3947f8e elementor-widget elementor-widget-text-editor\" data-id=\"3947f8e\" data-element_type=\"widget\" data-e-type=\"widget\" data-widget_type=\"text-editor.default\">\n\t\t\t\t<div class=\"elementor-widget-container\">\n\t\t\t\t\t\t\t\t\t<ul>\n<li><span class=\"il\">Francesca<\/span>Ihre fr\u00fche berufliche Laufbahn begann am Teatro Sociale in Rovigo und bei der Fabula Saltica Company, wo sie in Kreationen von Fabrizio Monteverde und Claudio Ronda auftrat. Sie tanzte in der Musikoper \u201eLa Divina Commedia\u201c, choreografiert von Anna Cuocolo, und fungierte als Hauptt\u00e4nzerin in Bizets \u201eCarmen\u201c, choreografiert von Mario Piazza.&nbsp;<\/li><\/ul>\n<ul>\n<li>Im Jahr 2004 trat sie der Pantarei Company unter der k\u00fcnstlerischen Leitung von Michele Oliva bei, wo sie als Solistin und Assistentin von Herrn Oliva arbeitete. 2009 wurde sie Solistin bei der Kompanie Balletto 90. Von 2010 bis 2012 tanzte sie beim Complexions Contemporary Ballet in New York City. 2013\/2014 trat sie an der Metropolitan Opera in New York City mit der Choreographie von Itzik Galili auf.<\/li><\/ul>\n<ul>\n<li>Als freischaffender K\u00fcnstler&nbsp;<span class=\"il\">Francesca<\/span>&nbsp;wurde eingeladen, an verschiedenen Projekten, Veranstaltungen und Fernsehsendungen teilzunehmen. Sie hatte die Ehre, Teil des Werbevideos f\u00fcr Beyonc\u00e9s Tour zu sein.<\/li><\/ul>\n<ul>\n<li>Als Gastdozentin hat sie Workshops an zahlreichen Orten geleitet, darunter beim Mediterraneo Dance Festival in Italien, beim Word Dance Movement in Italien, beim TBH in Prag, beim Contemporary Dance Festival in Kiew, beim Mdf in Israel, beim MDLA in Denver und als Gastdozentin im Peridance Capezio Center und Broadway Dance Center in New York. Sie unterrichtete au\u00dferdem an der New York University, der Grier School in Tyrone (PA), Motion Movement for Life in Altoona (PA) und der Twightlight Dance Competition in Boston.<\/li><\/ul>\n<ul>\n<li><span class=\"il\">Francesca<\/span>&nbsp;ist Leiterin von OCDP Professional Weekend, einem Kurs f\u00fcr professionellen zeitgen\u00f6ssischen Tanz, und von OCDP Progressive, einem dreij\u00e4hrigen professionellen Ausbildungsprogramm auf hohem Niveau.<\/li><\/ul>\n<ul>\n<li>Seit 2012,&nbsp;<span class=\"il\">Francesca<\/span>&nbsp;war k\u00fcnstlerischer Leiter des Oliva Contemporary Dance Project.<\/li>\n<\/ul>\t\t\t\t\t\t\t\t<\/div>\n\t\t\t\t<\/div>\n\t\t\t\t\t<\/div>\n\t\t<\/div>\n\t\t\t\t\t<\/div>\n\t\t<\/section>\n\t\t\t\t<\/div>","protected":false},"excerpt":{"rendered":"<p>FRANCESCA DARIO USA\/Italy &#8211; Class: Ballet Francesca&#8217;s early professional career began with Teatro Sociale in Rovigo and the Fabula Saltica Company, where she performed in creations by Fabrizio Monteverde and Claudio Ronda. She danced in the musical opera &#8220;La Divina Commedia,&#8221; choreographed by Anna Cuocolo, and served as the lead dancer in Bizet&#8217;s &#8220;Carmen,&#8221; choreographed [&hellip;]<\/p>\n","protected":false},"author":6,"featured_media":0,"parent":1562,"menu_order":0,"comment_status":"closed","ping_status":"closed","template":"","meta":{"_acf_changed":false,"site-sidebar-layout":"no-sidebar","site-content-layout":"page-builder","ast-site-content-layout":"default","site-content-style":"default","site-sidebar-style":"default","ast-global-header-display":"","ast-banner-title-visibility":"","ast-main-header-display":"","ast-hfb-above-header-display":"","ast-hfb-below-header-display":"","ast-hfb-mobile-header-display":"","site-post-title":"disabled","ast-breadcrumbs-content":"","ast-featured-img":"disabled","footer-sml-layout":"","ast-disable-related-posts":"","theme-transparent-header-meta":"default","adv-header-id-meta":"","stick-header-meta":"default","header-above-stick-meta":"","header-main-stick-meta":"","header-below-stick-meta":"","astra-migrate-meta-layouts":"default","ast-page-background-enabled":"default","ast-page-background-meta":{"desktop":{"background-color":"","background-image":"","background-repeat":"repeat","background-position":"center center","background-size":"auto","background-attachment":"scroll","background-type":"","background-media":"","overlay-type":"","overlay-color":"","overlay-opacity":"","overlay-gradient":""},"tablet":{"background-color":"","background-image":"","background-repeat":"repeat","background-position":"center center","background-size":"auto","background-attachment":"scroll","background-type":"","background-media":"","overlay-type":"","overlay-color":"","overlay-opacity":"","overlay-gradient":""},"mobile":{"background-color":"","background-image":"","background-repeat":"repeat","background-position":"center center","background-size":"auto","background-attachment":"scroll","background-type":"","background-media":"","overlay-type":"","overlay-color":"","overlay-opacity":"","overlay-gradient":""}},"ast-content-background-meta":{"desktop":{"background-color":"var(--ast-global-color-5)","background-image":"","background-repeat":"repeat","background-position":"center center","background-size":"auto","background-attachment":"scroll","background-type":"","background-media":"","overlay-type":"","overlay-color":"","overlay-opacity":"","overlay-gradient":""},"tablet":{"background-color":"var(--ast-global-color-5)","background-image":"","background-repeat":"repeat","background-position":"center center","background-size":"auto","background-attachment":"scroll","background-type":"","background-media":"","overlay-type":"","overlay-color":"","overlay-opacity":"","overlay-gradient":""},"mobile":{"background-color":"var(--ast-global-color-5)","background-image":"","background-repeat":"repeat","background-position":"center center","background-size":"auto","background-attachment":"scroll","background-type":"","background-media":"","overlay-type":"","overlay-color":"","overlay-opacity":"","overlay-gradient":""}},"footnotes":""},"class_list":["post-1811","page","type-page","status-publish","hentry"],"acf":[],"jetpack_sharing_enabled":true,"_links":{"self":[{"href":"https:\/\/worlddancemovement.com\/de\/wp-json\/wp\/v2\/pages\/1811","targetHints":{"allow":["GET"]}}],"collection":[{"href":"https:\/\/worlddancemovement.com\/de\/wp-json\/wp\/v2\/pages"}],"about":[{"href":"https:\/\/worlddancemovement.com\/de\/wp-json\/wp\/v2\/types\/page"}],"author":[{"embeddable":true,"href":"https:\/\/worlddancemovement.com\/de\/wp-json\/wp\/v2\/users\/6"}],"replies":[{"embeddable":true,"href":"https:\/\/worlddancemovement.com\/de\/wp-json\/wp\/v2\/comments?post=1811"}],"version-history":[{"count":10,"href":"https:\/\/worlddancemovement.com\/de\/wp-json\/wp\/v2\/pages\/1811\/revisions"}],"predecessor-version":[{"id":13687,"href":"https:\/\/worlddancemovement.com\/de\/wp-json\/wp\/v2\/pages\/1811\/revisions\/13687"}],"up":[{"embeddable":true,"href":"https:\/\/worlddancemovement.com\/de\/wp-json\/wp\/v2\/pages\/1562"}],"wp:attachment":[{"href":"https:\/\/worlddancemovement.com\/de\/wp-json\/wp\/v2\/media?parent=1811"}],"curies":[{"name":"wp","href":"https:\/\/api.w.org\/{rel}","templated":true}]}}

<div data-elementor-type="wp-page" data-elementor-id="1811" class="elementor elementor-1811" data-elementor-post-type="page">
						<section class="elementor-section elementor-top-section elementor-element elementor-element-94ec49d elementor-section-full_width elementor-section-height-min-height elementor-section-height-default elementor-section-items-middle" data-id="94ec49d" data-element_type="section" data-e-type="section" data-settings="{&quot;background_background&quot;:&quot;classic&quot;}">
							<div class="elementor-background-overlay"></div>
							<div class="elementor-container elementor-column-gap-no">
					<div class="elementor-column elementor-col-100 elementor-top-column elementor-element elementor-element-8268956" data-id="8268956" data-element_type="column" data-e-type="column">
			<div class="elementor-widget-wrap elementor-element-populated">
						<div class="elementor-element elementor-element-5016628 elementor-widget elementor-widget-heading" data-id="5016628" data-element_type="widget" data-e-type="widget" data-widget_type="heading.default">
				<div class="elementor-widget-container">
					<h2 class="elementor-heading-title elementor-size-default">FRANCESCA DARIO
</h2>				</div>
				</div>
				<div class="elementor-element elementor-element-a86216f elementor-widget-divider--view-line elementor-widget elementor-widget-divider" data-id="a86216f" data-element_type="widget" data-e-type="widget" data-widget_type="divider.default">
				<div class="elementor-widget-container">
							<div class="elementor-divider">
			<span class="elementor-divider-separator">
						</span>
		</div>
						</div>
				</div>
					</div>
		</div>
					</div>
		</section>
				<section class="elementor-section elementor-top-section elementor-element elementor-element-a2d6cca elementor-section-full_width elementor-section-height-default elementor-section-height-default" data-id="a2d6cca" data-element_type="section" data-e-type="section">
						<div class="elementor-container elementor-column-gap-default">
					<div class="elementor-column elementor-col-100 elementor-top-column elementor-element elementor-element-a45c6d3" data-id="a45c6d3" data-element_type="column" data-e-type="column">
			<div class="elementor-widget-wrap elementor-element-populated">
						<div class="elementor-element elementor-element-f854b1f elementor-widget elementor-widget-heading" data-id="f854b1f" data-element_type="widget" data-e-type="widget" data-widget_type="heading.default">
				<div class="elementor-widget-container">
					<h2 class="elementor-heading-title elementor-size-default">USA/Italien – Klasse: Ballett












</h2>				</div>
				</div>
				<div class="elementor-element elementor-element-3947f8e elementor-widget elementor-widget-text-editor" data-id="3947f8e" data-element_type="widget" data-e-type="widget" data-widget_type="text-editor.default">
				<div class="elementor-widget-container">
									<ul>
<li><span class="il">Francesca</span>Ihre frühe berufliche Laufbahn begann am Teatro Sociale in Rovigo und bei der Fabula Saltica Company, wo sie in Kreationen von Fabrizio Monteverde und Claudio Ronda auftrat. Sie tanzte in der Musikoper „La Divina Commedia“, choreografiert von Anna Cuocolo, und fungierte als Haupttänzerin in Bizets „Carmen“, choreografiert von Mario Piazza.&nbsp;</li></ul>
<ul>
<li>Im Jahr 2004 trat sie der Pantarei Company unter der künstlerischen Leitung von Michele Oliva bei, wo sie als Solistin und Assistentin von Herrn Oliva arbeitete. 2009 wurde sie Solistin bei der Kompanie Balletto 90. Von 2010 bis 2012 tanzte sie beim Complexions Contemporary Ballet in New York City. 2013/2014 trat sie an der Metropolitan Opera in New York City mit der Choreographie von Itzik Galili auf.</li></ul>
<ul>
<li>Als freischaffender Künstler&nbsp;<span class="il">Francesca</span>&nbsp;wurde eingeladen, an verschiedenen Projekten, Veranstaltungen und Fernsehsendungen teilzunehmen. Sie hatte die Ehre, Teil des Werbevideos für Beyoncés Tour zu sein.</li></ul>
<ul>
<li>Als Gastdozentin hat sie Workshops an zahlreichen Orten geleitet, darunter beim Mediterraneo Dance Festival in Italien, beim Word Dance Movement in Italien, beim TBH in Prag, beim Contemporary Dance Festival in Kiew, beim Mdf in Israel, beim MDLA in Denver und als Gastdozentin im Peridance Capezio Center und Broadway Dance Center in New York. Sie unterrichtete außerdem an der New York University, der Grier School in Tyrone (PA), Motion Movement for Life in Altoona (PA) und der Twightlight Dance Competition in Boston.</li></ul>
<ul>
<li><span class="il">Francesca</span>&nbsp;ist Leiterin von OCDP Professional Weekend, einem Kurs für professionellen zeitgenössischen Tanz, und von OCDP Progressive, einem dreijährigen professionellen Ausbildungsprogramm auf hohem Niveau.</li></ul>
<ul>
<li>Seit 2012,&nbsp;<span class="il">Francesca</span>&nbsp;war künstlerischer Leiter des Oliva Contemporary Dance Project.</li>
</ul>								</div>
				</div>
					</div>
		</div>
					</div>
		</section>
				</div>
