{"id":425,"date":"2020-12-28T14:19:07","date_gmt":"2020-12-28T14:19:07","guid":{"rendered":"https:\/\/migrate.worlddancemovement.com\/?page_id=425"},"modified":"2023-10-05T22:24:40","modified_gmt":"2023-10-05T22:24:40","slug":"kleidi-kadiu","status":"publish","type":"page","link":"https:\/\/worlddancemovement.com\/de\/faculty-italy\/kleidi-kadiu\/","title":{"rendered":"KLEIDI KADIU"},"content":{"rendered":"<div data-elementor-type=\"wp-page\" data-elementor-id=\"425\" class=\"elementor elementor-425\" data-elementor-post-type=\"page\">\n\t\t\t\t\t\t<section class=\"elementor-section elementor-top-section elementor-element elementor-element-94ec49d elementor-section-full_width elementor-section-height-min-height elementor-section-height-default elementor-section-items-middle\" data-id=\"94ec49d\" data-element_type=\"section\" data-e-type=\"section\" data-settings=\"{&quot;background_background&quot;:&quot;classic&quot;}\">\n\t\t\t\t\t\t\t<div class=\"elementor-background-overlay\"><\/div>\n\t\t\t\t\t\t\t<div class=\"elementor-container elementor-column-gap-no\">\n\t\t\t\t\t<div class=\"elementor-column elementor-col-100 elementor-top-column elementor-element elementor-element-8268956\" data-id=\"8268956\" data-element_type=\"column\" data-e-type=\"column\">\n\t\t\t<div class=\"elementor-widget-wrap elementor-element-populated\">\n\t\t\t\t\t\t<div class=\"elementor-element elementor-element-5016628 elementor-widget elementor-widget-heading\" data-id=\"5016628\" data-element_type=\"widget\" data-e-type=\"widget\" data-widget_type=\"heading.default\">\n\t\t\t\t<div class=\"elementor-widget-container\">\n\t\t\t\t\t<h2 class=\"elementor-heading-title elementor-size-default\">KLEIDI KADIU\n<\/h2>\t\t\t\t<\/div>\n\t\t\t\t<\/div>\n\t\t\t\t<div class=\"elementor-element elementor-element-a86216f elementor-widget-divider--view-line elementor-widget elementor-widget-divider\" data-id=\"a86216f\" data-element_type=\"widget\" data-e-type=\"widget\" data-widget_type=\"divider.default\">\n\t\t\t\t<div class=\"elementor-widget-container\">\n\t\t\t\t\t\t\t<div class=\"elementor-divider\">\n\t\t\t<span class=\"elementor-divider-separator\">\n\t\t\t\t\t\t<\/span>\n\t\t<\/div>\n\t\t\t\t\t\t<\/div>\n\t\t\t\t<\/div>\n\t\t\t\t\t<\/div>\n\t\t<\/div>\n\t\t\t\t\t<\/div>\n\t\t<\/section>\n\t\t\t\t<section class=\"elementor-section elementor-top-section elementor-element elementor-element-a2d6cca elementor-section-full_width elementor-section-height-default elementor-section-height-default\" data-id=\"a2d6cca\" data-element_type=\"section\" data-e-type=\"section\">\n\t\t\t\t\t\t<div class=\"elementor-container elementor-column-gap-default\">\n\t\t\t\t\t<div class=\"elementor-column elementor-col-100 elementor-top-column elementor-element elementor-element-a45c6d3\" data-id=\"a45c6d3\" data-element_type=\"column\" data-e-type=\"column\">\n\t\t\t<div class=\"elementor-widget-wrap elementor-element-populated\">\n\t\t\t\t\t\t<div class=\"elementor-element elementor-element-f854b1f elementor-widget elementor-widget-heading\" data-id=\"f854b1f\" data-element_type=\"widget\" data-e-type=\"widget\" data-widget_type=\"heading.default\">\n\t\t\t\t<div class=\"elementor-widget-container\">\n\t\t\t\t\t<h2 class=\"elementor-heading-title elementor-size-default\">ZEITGEN\u00d6SSISCH - ALBANIEN \/ ITALIEN\n\n<\/h2>\t\t\t\t<\/div>\n\t\t\t\t<\/div>\n\t\t\t\t<div class=\"elementor-element elementor-element-cbe4344 elementor-widget elementor-widget-text-editor\" data-id=\"cbe4344\" data-element_type=\"widget\" data-e-type=\"widget\" data-widget_type=\"text-editor.default\">\n\t\t\t\t<div class=\"elementor-widget-container\">\n\t\t\t\t\t\t\t\t\t<p>Kledi wurde in Tirana, Albanien, geboren. Er studierte an der Nationalen Tanzakademie, wo er 1992 seinen Abschluss machte. Im selben Jahr wurde er vom Nationaltheater f\u00fcr Oper und Ballett Albaniens engagiert und tanzte Solorollen in \u201eGiselle\u201c, \u201eDer Nussknacker\u201c und \u201eDon Quijote\u201c. , \u201eDafne und Chloe\u201c.<\/p><p>1993 zog er nach Italien und arbeitete in Mantua und sp\u00e4ter in Rovereto. Seine erste Fernseherfahrung machte er 1996 und im folgenden Jahr wurde Kledi Solot\u00e4nzer f\u00fcr beliebte Fernsehshows wie \u201eBuona Domenica\u201c, \u201eC&#039;\u00e8 posta per te\u201c und \u201eAmici\u201c.<\/p><p>2004 gr\u00fcndete er Kledi Dance und gewann den \u201eGino Tani\u201c-Preis als K\u00fcnstler des Jahres. Im selben Jahr w\u00fcrdigte der albanische Pr\u00e4sident Alfred Moisiu Kledi Kadiu mit der hohen Auszeichnung \u201eBotschafter der Nation\u201c f\u00fcr seine \u201eInterpretation der choreografischen Kunst und die Darstellung des Bildes und der Werte Albaniens im Ausland\u201c.<\/p><p>2005 hatte er sein erstes Filmerlebnis mit \u201ePasso a due\u201c (Regie: Andrea Barzini und Choreographie: Mauro Mosconi), gefolgt vom Film \u201eLa cura del gorilla\u201c mit Claudio Bisio (Regie: Carlo Sigon).<\/p><p>2006 war Kledi der Protagonist der TV-Show \u201eMa chi l&#039;avrebbe mai detto\u201c (ausgestrahlt auf Rai 1 und Regie: Giuliana Gamba, mit Ornella Muti und Katia Ricciarelli). Im selben Jahr erhielt er den \u201eLa Ginestra d&#039;Oro\u201c-Preis als bester TV-T\u00e4nzer.<\/p><p>Von 2007 bis 2009 war er der Protagonist von Fabrizio Monteverdes \u201eGiulietta e Romeo\u201c mit dem Balletto di Roma.<\/p><p>2009 ver\u00f6ffentlichte er sein Autobiografiebuch \u201eMeglio di una favola\u201c. Das Buch wurde in Neapel mit dem Elsa-Morante-Ragazzi-Preis ausgezeichnet.<\/p><p>Im Jahr 2009 wurde er au\u00dferdem Testimonial f\u00fcr PIGOTTA f\u00fcr das UNICEF-Projekt.<\/p><p>Im Juni 2010 erhielt er den Preis \u201eAriston Proballet 2010\u201c.<\/p><p>Im Jahr 2010 ist Kledi das offizielle Testimonial f\u00fcr Albanien-Italien-Veranstaltungen \u201eDue popoli, un mare, un&#039;amicizia\u201c.<\/p><p>Im Juli 2010 gewann er den Preis \u201eAcqui Danza 2010\u201c f\u00fcr seine F\u00e4higkeit, das Fernsehpublikum unabh\u00e4ngig von seinem spezifischen Interesse an dieser Kunstform f\u00fcr den Tanz zu begeistern.<\/p><p>2010\/2011 war er Protagonist der Tanzshow \u201eNon solo Bolero\u201c mit der Compagnia Mvula Sungani.<\/p><p>Im Jahr 2010 w\u00e4hlte ihn UNICEF zum Testimonail f\u00fcr die Kampagne \u201eIOcomeTU \u2013 Mai nemici per la pelle\u201c. Dieses Projekt wurde ins Leben gerufen, um einen positiven sozialen Wandel zu f\u00f6rdern, der eine diskriminierende Haltung gegen\u00fcber gef\u00e4hrdeten Gruppen von Kindern und Jugendlichen, wie z. B. Kindern und Jugendlichen ausl\u00e4ndischer Herkunft, auf italienischem Territorium verhindert.<\/p><p>Im Jahr 2010 wurde Kledi Kadiu au\u00dferdem Moderatorin der Kulturfernsehsendung \u201eStep \u2013 passi di danza\u201c, produziert von Vittoria Cappelli, Regie Alessandro Tresa und ausgestrahlt auf Rai 5.<\/p><p>Im Mai 2011 reiste Kledi Kadiu zu einer Mission mit Unicef nach Bangladesch, um das Engagement der Organisation f\u00fcr den Schutz von Kindern zu demonstrieren.<\/p><p>Im Oktober 2011 war er Moderator der zweiten Ausgabe von PROGETTI DI DANZA und Sonderkorrespondent des Teatro alla Scala di Milano f\u00fcr die Premiere von RAIMONDA.<\/p><p>Im April 2012 wurde er von seinem Heimatland Albanien f\u00fcr seine k\u00fcnstlerische T\u00e4tigkeit und seinen Beitrag zur Verbreitung des Tanzes auf internationaler Ebene mit dem Titel \u201eGro\u00dfer Meister\u201c geehrt.<\/p><p>Im September 2012 war Kledi Kadiu der Protagonist der 69. Mostra Internazionale d&#039;arte Cinematografica in Venedig mit dem Film \u201eLa Nave Dolce\u201c unter der Regie von Daniele Vicari. Der Film gewann den Pasinetti-Preis als bester Dokumentarfilm.<\/p><p>Im Februar 2013 moderierte er Roland Petits Notre-Dame de Paris-Ballett dal Teatro an der Mail\u00e4nder Scala, das auf Rai 5 ausgestrahlt wurde.<\/p><p>Im April 2013 war Kledi Testimonial f\u00fcr AISM (Associazione Italiana per la Ricerca contro la Sclerosi Multipla).<\/p><p>Im August 2013 erhielt er den Re Manfredi per la Danza-Preis.<\/p><p>Im Oktober 2013 moderierte er die 4. Ausgabe der DANZA-Show, die auf Rai 5 ausgestrahlt wurde.<\/p><p>Im November 2014 war er Teil der Tanzfakult\u00e4t der Talentshow Amici, die auf Canale 5 ausgestrahlt wurde.<\/p><p>In den Jahren 2014-2015 war er der Protagonist von \u201eContemporary Tango\u201c mit dem Balletto di Roma, choreografiert von Milena Zullo.<\/p><p>Im Dezember 2014 gewann er den Personalit\u00e0 Europea-Preis.<\/p>\t\t\t\t\t\t\t\t<\/div>\n\t\t\t\t<\/div>\n\t\t\t\t\t<\/div>\n\t\t<\/div>\n\t\t\t\t\t<\/div>\n\t\t<\/section>\n\t\t\t\t<\/div>","protected":false},"excerpt":{"rendered":"<p>KLEIDI KADIU CONTEMPORARY &#8211; ALBANIA \/ ITALY Kledi was born in Tirana, Albania. He studied at the National Accademy of Dance where he graduated in 1992. In the same year he was hired by the National Theatre of Opera and Ballet of Albania and he danced solo roles in \u201cGiselle\u201d, \u201cThe Nutcracker\u201d, \u201cDon Quixote\u201d, \u201cDafne [&hellip;]<\/p>\n","protected":false},"author":6,"featured_media":0,"parent":329,"menu_order":0,"comment_status":"closed","ping_status":"closed","template":"","meta":{"_acf_changed":false,"site-sidebar-layout":"no-sidebar","site-content-layout":"page-builder","ast-site-content-layout":"default","site-content-style":"default","site-sidebar-style":"default","ast-global-header-display":"","ast-banner-title-visibility":"","ast-main-header-display":"","ast-hfb-above-header-display":"","ast-hfb-below-header-display":"","ast-hfb-mobile-header-display":"","site-post-title":"disabled","ast-breadcrumbs-content":"","ast-featured-img":"disabled","footer-sml-layout":"","ast-disable-related-posts":"","theme-transparent-header-meta":"default","adv-header-id-meta":"","stick-header-meta":"default","header-above-stick-meta":"","header-main-stick-meta":"","header-below-stick-meta":"","astra-migrate-meta-layouts":"default","ast-page-background-enabled":"default","ast-page-background-meta":{"desktop":{"background-color":"","background-image":"","background-repeat":"repeat","background-position":"center center","background-size":"auto","background-attachment":"scroll","background-type":"","background-media":"","overlay-type":"","overlay-color":"","overlay-opacity":"","overlay-gradient":""},"tablet":{"background-color":"","background-image":"","background-repeat":"repeat","background-position":"center center","background-size":"auto","background-attachment":"scroll","background-type":"","background-media":"","overlay-type":"","overlay-color":"","overlay-opacity":"","overlay-gradient":""},"mobile":{"background-color":"","background-image":"","background-repeat":"repeat","background-position":"center center","background-size":"auto","background-attachment":"scroll","background-type":"","background-media":"","overlay-type":"","overlay-color":"","overlay-opacity":"","overlay-gradient":""}},"ast-content-background-meta":{"desktop":{"background-color":"var(--ast-global-color-5)","background-image":"","background-repeat":"repeat","background-position":"center center","background-size":"auto","background-attachment":"scroll","background-type":"","background-media":"","overlay-type":"","overlay-color":"","overlay-opacity":"","overlay-gradient":""},"tablet":{"background-color":"var(--ast-global-color-5)","background-image":"","background-repeat":"repeat","background-position":"center center","background-size":"auto","background-attachment":"scroll","background-type":"","background-media":"","overlay-type":"","overlay-color":"","overlay-opacity":"","overlay-gradient":""},"mobile":{"background-color":"var(--ast-global-color-5)","background-image":"","background-repeat":"repeat","background-position":"center center","background-size":"auto","background-attachment":"scroll","background-type":"","background-media":"","overlay-type":"","overlay-color":"","overlay-opacity":"","overlay-gradient":""}},"footnotes":""},"class_list":["post-425","page","type-page","status-publish","hentry"],"acf":[],"jetpack_sharing_enabled":true,"_links":{"self":[{"href":"https:\/\/worlddancemovement.com\/de\/wp-json\/wp\/v2\/pages\/425","targetHints":{"allow":["GET"]}}],"collection":[{"href":"https:\/\/worlddancemovement.com\/de\/wp-json\/wp\/v2\/pages"}],"about":[{"href":"https:\/\/worlddancemovement.com\/de\/wp-json\/wp\/v2\/types\/page"}],"author":[{"embeddable":true,"href":"https:\/\/worlddancemovement.com\/de\/wp-json\/wp\/v2\/users\/6"}],"replies":[{"embeddable":true,"href":"https:\/\/worlddancemovement.com\/de\/wp-json\/wp\/v2\/comments?post=425"}],"version-history":[{"count":10,"href":"https:\/\/worlddancemovement.com\/de\/wp-json\/wp\/v2\/pages\/425\/revisions"}],"predecessor-version":[{"id":13357,"href":"https:\/\/worlddancemovement.com\/de\/wp-json\/wp\/v2\/pages\/425\/revisions\/13357"}],"up":[{"embeddable":true,"href":"https:\/\/worlddancemovement.com\/de\/wp-json\/wp\/v2\/pages\/329"}],"wp:attachment":[{"href":"https:\/\/worlddancemovement.com\/de\/wp-json\/wp\/v2\/media?parent=425"}],"curies":[{"name":"wp","href":"https:\/\/api.w.org\/{rel}","templated":true}]}}

<div data-elementor-type="wp-page" data-elementor-id="425" class="elementor elementor-425" data-elementor-post-type="page">
						<section class="elementor-section elementor-top-section elementor-element elementor-element-94ec49d elementor-section-full_width elementor-section-height-min-height elementor-section-height-default elementor-section-items-middle" data-id="94ec49d" data-element_type="section" data-e-type="section" data-settings="{&quot;background_background&quot;:&quot;classic&quot;}">
							<div class="elementor-background-overlay"></div>
							<div class="elementor-container elementor-column-gap-no">
					<div class="elementor-column elementor-col-100 elementor-top-column elementor-element elementor-element-8268956" data-id="8268956" data-element_type="column" data-e-type="column">
			<div class="elementor-widget-wrap elementor-element-populated">
						<div class="elementor-element elementor-element-5016628 elementor-widget elementor-widget-heading" data-id="5016628" data-element_type="widget" data-e-type="widget" data-widget_type="heading.default">
				<div class="elementor-widget-container">
					<h2 class="elementor-heading-title elementor-size-default">KLEIDI KADIU
</h2>				</div>
				</div>
				<div class="elementor-element elementor-element-a86216f elementor-widget-divider--view-line elementor-widget elementor-widget-divider" data-id="a86216f" data-element_type="widget" data-e-type="widget" data-widget_type="divider.default">
				<div class="elementor-widget-container">
							<div class="elementor-divider">
			<span class="elementor-divider-separator">
						</span>
		</div>
						</div>
				</div>
					</div>
		</div>
					</div>
		</section>
				<section class="elementor-section elementor-top-section elementor-element elementor-element-a2d6cca elementor-section-full_width elementor-section-height-default elementor-section-height-default" data-id="a2d6cca" data-element_type="section" data-e-type="section">
						<div class="elementor-container elementor-column-gap-default">
					<div class="elementor-column elementor-col-100 elementor-top-column elementor-element elementor-element-a45c6d3" data-id="a45c6d3" data-element_type="column" data-e-type="column">
			<div class="elementor-widget-wrap elementor-element-populated">
						<div class="elementor-element elementor-element-f854b1f elementor-widget elementor-widget-heading" data-id="f854b1f" data-element_type="widget" data-e-type="widget" data-widget_type="heading.default">
				<div class="elementor-widget-container">
					<h2 class="elementor-heading-title elementor-size-default">ZEITGENÖSSISCH - ALBANIEN / ITALIEN

</h2>				</div>
				</div>
				<div class="elementor-element elementor-element-cbe4344 elementor-widget elementor-widget-text-editor" data-id="cbe4344" data-element_type="widget" data-e-type="widget" data-widget_type="text-editor.default">
				<div class="elementor-widget-container">
									<p>Kledi wurde in Tirana, Albanien, geboren. Er studierte an der Nationalen Tanzakademie, wo er 1992 seinen Abschluss machte. Im selben Jahr wurde er vom Nationaltheater für Oper und Ballett Albaniens engagiert und tanzte Solorollen in „Giselle“, „Der Nussknacker“ und „Don Quijote“. , „Dafne und Chloe“.</p><p>1993 zog er nach Italien und arbeitete in Mantua und später in Rovereto. Seine erste Fernseherfahrung machte er 1996 und im folgenden Jahr wurde Kledi Solotänzer für beliebte Fernsehshows wie „Buona Domenica“, „C&#039;è posta per te“ und „Amici“.</p><p>2004 gründete er Kledi Dance und gewann den „Gino Tani“-Preis als Künstler des Jahres. Im selben Jahr würdigte der albanische Präsident Alfred Moisiu Kledi Kadiu mit der hohen Auszeichnung „Botschafter der Nation“ für seine „Interpretation der choreografischen Kunst und die Darstellung des Bildes und der Werte Albaniens im Ausland“.</p><p>2005 hatte er sein erstes Filmerlebnis mit „Passo a due“ (Regie: Andrea Barzini und Choreographie: Mauro Mosconi), gefolgt vom Film „La cura del gorilla“ mit Claudio Bisio (Regie: Carlo Sigon).</p><p>2006 war Kledi der Protagonist der TV-Show „Ma chi l&#039;avrebbe mai detto“ (ausgestrahlt auf Rai 1 und Regie: Giuliana Gamba, mit Ornella Muti und Katia Ricciarelli). Im selben Jahr erhielt er den „La Ginestra d&#039;Oro“-Preis als bester TV-Tänzer.</p><p>Von 2007 bis 2009 war er der Protagonist von Fabrizio Monteverdes „Giulietta e Romeo“ mit dem Balletto di Roma.</p><p>2009 veröffentlichte er sein Autobiografiebuch „Meglio di una favola“. Das Buch wurde in Neapel mit dem Elsa-Morante-Ragazzi-Preis ausgezeichnet.</p><p>Im Jahr 2009 wurde er außerdem Testimonial für PIGOTTA für das UNICEF-Projekt.</p><p>Im Juni 2010 erhielt er den Preis „Ariston Proballet 2010“.</p><p>Im Jahr 2010 ist Kledi das offizielle Testimonial für Albanien-Italien-Veranstaltungen „Due popoli, un mare, un&#039;amicizia“.</p><p>Im Juli 2010 gewann er den Preis „Acqui Danza 2010“ für seine Fähigkeit, das Fernsehpublikum unabhängig von seinem spezifischen Interesse an dieser Kunstform für den Tanz zu begeistern.</p><p>2010/2011 war er Protagonist der Tanzshow „Non solo Bolero“ mit der Compagnia Mvula Sungani.</p><p>Im Jahr 2010 wählte ihn UNICEF zum Testimonail für die Kampagne „IOcomeTU – Mai nemici per la pelle“. Dieses Projekt wurde ins Leben gerufen, um einen positiven sozialen Wandel zu fördern, der eine diskriminierende Haltung gegenüber gefährdeten Gruppen von Kindern und Jugendlichen, wie z. B. Kindern und Jugendlichen ausländischer Herkunft, auf italienischem Territorium verhindert.</p><p>Im Jahr 2010 wurde Kledi Kadiu außerdem Moderatorin der Kulturfernsehsendung „Step – passi di danza“, produziert von Vittoria Cappelli, Regie Alessandro Tresa und ausgestrahlt auf Rai 5.</p><p>Im Mai 2011 reiste Kledi Kadiu zu einer Mission mit Unicef nach Bangladesch, um das Engagement der Organisation für den Schutz von Kindern zu demonstrieren.</p><p>Im Oktober 2011 war er Moderator der zweiten Ausgabe von PROGETTI DI DANZA und Sonderkorrespondent des Teatro alla Scala di Milano für die Premiere von RAIMONDA.</p><p>Im April 2012 wurde er von seinem Heimatland Albanien für seine künstlerische Tätigkeit und seinen Beitrag zur Verbreitung des Tanzes auf internationaler Ebene mit dem Titel „Großer Meister“ geehrt.</p><p>Im September 2012 war Kledi Kadiu der Protagonist der 69. Mostra Internazionale d&#039;arte Cinematografica in Venedig mit dem Film „La Nave Dolce“ unter der Regie von Daniele Vicari. Der Film gewann den Pasinetti-Preis als bester Dokumentarfilm.</p><p>Im Februar 2013 moderierte er Roland Petits Notre-Dame de Paris-Ballett dal Teatro an der Mailänder Scala, das auf Rai 5 ausgestrahlt wurde.</p><p>Im April 2013 war Kledi Testimonial für AISM (Associazione Italiana per la Ricerca contro la Sclerosi Multipla).</p><p>Im August 2013 erhielt er den Re Manfredi per la Danza-Preis.</p><p>Im Oktober 2013 moderierte er die 4. Ausgabe der DANZA-Show, die auf Rai 5 ausgestrahlt wurde.</p><p>Im November 2014 war er Teil der Tanzfakultät der Talentshow Amici, die auf Canale 5 ausgestrahlt wurde.</p><p>In den Jahren 2014-2015 war er der Protagonist von „Contemporary Tango“ mit dem Balletto di Roma, choreografiert von Milena Zullo.</p><p>Im Dezember 2014 gewann er den Personalità Europea-Preis.</p>								</div>
				</div>
					</div>
		</div>
					</div>
		</section>
				</div>
