{"id":1811,"date":"2021-01-01T15:54:50","date_gmt":"2021-01-01T15:54:50","guid":{"rendered":"https:\/\/migrate.worlddancemovement.com\/?page_id=1811"},"modified":"2023-10-09T21:56:44","modified_gmt":"2023-10-09T21:56:44","slug":"francesca-dario","status":"publish","type":"page","link":"https:\/\/worlddancemovement.com\/fr\/faculty\/francesca-dario\/","title":{"rendered":"FRANCESCA DARIO"},"content":{"rendered":"<div data-elementor-type=\"wp-page\" data-elementor-id=\"1811\" class=\"elementor elementor-1811\" data-elementor-post-type=\"page\">\n\t\t\t\t\t\t<section class=\"elementor-section elementor-top-section elementor-element elementor-element-94ec49d elementor-section-full_width elementor-section-height-min-height elementor-section-height-default elementor-section-items-middle\" data-id=\"94ec49d\" data-element_type=\"section\" data-e-type=\"section\" data-settings=\"{&quot;background_background&quot;:&quot;classic&quot;}\">\n\t\t\t\t\t\t\t<div class=\"elementor-background-overlay\"><\/div>\n\t\t\t\t\t\t\t<div class=\"elementor-container elementor-column-gap-no\">\n\t\t\t\t\t<div class=\"elementor-column elementor-col-100 elementor-top-column elementor-element elementor-element-8268956\" data-id=\"8268956\" data-element_type=\"column\" data-e-type=\"column\">\n\t\t\t<div class=\"elementor-widget-wrap elementor-element-populated\">\n\t\t\t\t\t\t<div class=\"elementor-element elementor-element-5016628 elementor-widget elementor-widget-heading\" data-id=\"5016628\" data-element_type=\"widget\" data-e-type=\"widget\" data-widget_type=\"heading.default\">\n\t\t\t\t<div class=\"elementor-widget-container\">\n\t\t\t\t\t<h2 class=\"elementor-heading-title elementor-size-default\">FRANCESCA DARIO\n<\/h2>\t\t\t\t<\/div>\n\t\t\t\t<\/div>\n\t\t\t\t<div class=\"elementor-element elementor-element-a86216f elementor-widget-divider--view-line elementor-widget elementor-widget-divider\" data-id=\"a86216f\" data-element_type=\"widget\" data-e-type=\"widget\" data-widget_type=\"divider.default\">\n\t\t\t\t<div class=\"elementor-widget-container\">\n\t\t\t\t\t\t\t<div class=\"elementor-divider\">\n\t\t\t<span class=\"elementor-divider-separator\">\n\t\t\t\t\t\t<\/span>\n\t\t<\/div>\n\t\t\t\t\t\t<\/div>\n\t\t\t\t<\/div>\n\t\t\t\t\t<\/div>\n\t\t<\/div>\n\t\t\t\t\t<\/div>\n\t\t<\/section>\n\t\t\t\t<section class=\"elementor-section elementor-top-section elementor-element elementor-element-a2d6cca elementor-section-full_width elementor-section-height-default elementor-section-height-default\" data-id=\"a2d6cca\" data-element_type=\"section\" data-e-type=\"section\">\n\t\t\t\t\t\t<div class=\"elementor-container elementor-column-gap-default\">\n\t\t\t\t\t<div class=\"elementor-column elementor-col-100 elementor-top-column elementor-element elementor-element-a45c6d3\" data-id=\"a45c6d3\" data-element_type=\"column\" data-e-type=\"column\">\n\t\t\t<div class=\"elementor-widget-wrap elementor-element-populated\">\n\t\t\t\t\t\t<div class=\"elementor-element elementor-element-f854b1f elementor-widget elementor-widget-heading\" data-id=\"f854b1f\" data-element_type=\"widget\" data-e-type=\"widget\" data-widget_type=\"heading.default\">\n\t\t\t\t<div class=\"elementor-widget-container\">\n\t\t\t\t\t<h2 class=\"elementor-heading-title elementor-size-default\">\u00c9tats-Unis\/Italie - Classe : Ballet\n\n\n\n\n\n\n\n\n\n\n\n\n<\/h2>\t\t\t\t<\/div>\n\t\t\t\t<\/div>\n\t\t\t\t<div class=\"elementor-element elementor-element-3947f8e elementor-widget elementor-widget-text-editor\" data-id=\"3947f8e\" data-element_type=\"widget\" data-e-type=\"widget\" data-widget_type=\"text-editor.default\">\n\t\t\t\t<div class=\"elementor-widget-container\">\n\t\t\t\t\t\t\t\t\t<ul>\n<li><span class=\"il\">Francesca<\/span>Le d\u00e9but de sa carri\u00e8re professionnelle a commenc\u00e9 au Teatro Sociale de Rovigo et \u00e0 la Compagnie Fabula Saltica, o\u00f9 elle a jou\u00e9 dans des cr\u00e9ations de Fabrizio Monteverde et Claudio Ronda. Elle a dans\u00e9 dans l&#039;op\u00e9ra musical \u00ab La Divina Commedia \u00bb, chor\u00e9graphi\u00e9 par Anna Cuocolo, et a \u00e9t\u00e9 la danseuse principale de \u00ab Carmen \u00bb de Bizet, chor\u00e9graphi\u00e9e par Mario Piazza.&nbsp;<\/li><\/ul>\n<ul>\n<li>En 2004, elle rejoint la Compagnie Pantarei sous la direction artistique de Michele Oliva, o\u00f9 elle travaille comme soliste et assistante de M. Oliva. En 2009, elle devient soliste au sein de la compagnie Balletto 90. De 2010 \u00e0 2012, elle a dans\u00e9 avec le Complexions Contemporary Ballet \u00e0 New York. En 2013\/2014, elle s&#039;est produite au Metropolitan Opera de New York, avec une chor\u00e9graphie d&#039;Itzik Galili.<\/li><\/ul>\n<ul>\n<li>En tant qu&#039;artiste ind\u00e9pendant,&nbsp;<span class=\"il\">Francesca<\/span>&nbsp;a \u00e9t\u00e9 invit\u00e9 \u00e0 participer \u00e0 divers projets, \u00e9v\u00e9nements et \u00e9missions de t\u00e9l\u00e9vision. Elle a eu l&#039;honneur de faire partie de la vid\u00e9o promotionnelle de la tourn\u00e9e de Beyonc\u00e9.<\/li><\/ul>\n<ul>\n<li>En tant que professeur invit\u00e9, elle a dirig\u00e9 des ateliers dans de nombreux endroits, notamment au Mediterraneo Dance Festival en Italie, Word Dance Movement en Italie, TBH \u00e0 Prague, Contemporary Dance Festival \u00e0 Kiev, Mdf en Isra\u00ebl, MDLA \u00e0 Denver et en tant que professeur invit\u00e9. au Peridance Capezio Center et au Broadway Dance Center \u00e0 New York. Elle a \u00e9galement enseign\u00e9 \u00e0 l&#039;Universit\u00e9 de New York, \u00e0 la Grier School de Tyrone PA, au Motion Movement for Life \u00e0 Altoona PA et au Twightlight Dance Competition \u00e0 Boston.<\/li><\/ul>\n<ul>\n<li><span class=\"il\">Francesca<\/span>&nbsp;est directrice d&#039;OCDP Professional Weekend, un cours professionnel de danse contemporaine, et d&#039;OCDP Progressive, un programme de formation professionnelle de haut niveau sur trois ans.<\/li><\/ul>\n<ul>\n<li>Depuis 2012,&nbsp;<span class=\"il\">Francesca<\/span>&nbsp;a \u00e9t\u00e9 directeur artistique du projet de danse contemporaine Oliva.<\/li>\n<\/ul>\t\t\t\t\t\t\t\t<\/div>\n\t\t\t\t<\/div>\n\t\t\t\t\t<\/div>\n\t\t<\/div>\n\t\t\t\t\t<\/div>\n\t\t<\/section>\n\t\t\t\t<\/div>","protected":false},"excerpt":{"rendered":"<p>FRANCESCA DARIO USA\/Italy &#8211; Class: Ballet Francesca&#8217;s early professional career began with Teatro Sociale in Rovigo and the Fabula Saltica Company, where she performed in creations by Fabrizio Monteverde and Claudio Ronda. She danced in the musical opera &#8220;La Divina Commedia,&#8221; choreographed by Anna Cuocolo, and served as the lead dancer in Bizet&#8217;s &#8220;Carmen,&#8221; choreographed [&hellip;]<\/p>\n","protected":false},"author":6,"featured_media":0,"parent":1562,"menu_order":0,"comment_status":"closed","ping_status":"closed","template":"","meta":{"_acf_changed":false,"site-sidebar-layout":"no-sidebar","site-content-layout":"page-builder","ast-site-content-layout":"default","site-content-style":"default","site-sidebar-style":"default","ast-global-header-display":"","ast-banner-title-visibility":"","ast-main-header-display":"","ast-hfb-above-header-display":"","ast-hfb-below-header-display":"","ast-hfb-mobile-header-display":"","site-post-title":"disabled","ast-breadcrumbs-content":"","ast-featured-img":"disabled","footer-sml-layout":"","ast-disable-related-posts":"","theme-transparent-header-meta":"default","adv-header-id-meta":"","stick-header-meta":"default","header-above-stick-meta":"","header-main-stick-meta":"","header-below-stick-meta":"","astra-migrate-meta-layouts":"default","ast-page-background-enabled":"default","ast-page-background-meta":{"desktop":{"background-color":"","background-image":"","background-repeat":"repeat","background-position":"center center","background-size":"auto","background-attachment":"scroll","background-type":"","background-media":"","overlay-type":"","overlay-color":"","overlay-opacity":"","overlay-gradient":""},"tablet":{"background-color":"","background-image":"","background-repeat":"repeat","background-position":"center center","background-size":"auto","background-attachment":"scroll","background-type":"","background-media":"","overlay-type":"","overlay-color":"","overlay-opacity":"","overlay-gradient":""},"mobile":{"background-color":"","background-image":"","background-repeat":"repeat","background-position":"center center","background-size":"auto","background-attachment":"scroll","background-type":"","background-media":"","overlay-type":"","overlay-color":"","overlay-opacity":"","overlay-gradient":""}},"ast-content-background-meta":{"desktop":{"background-color":"var(--ast-global-color-5)","background-image":"","background-repeat":"repeat","background-position":"center center","background-size":"auto","background-attachment":"scroll","background-type":"","background-media":"","overlay-type":"","overlay-color":"","overlay-opacity":"","overlay-gradient":""},"tablet":{"background-color":"var(--ast-global-color-5)","background-image":"","background-repeat":"repeat","background-position":"center center","background-size":"auto","background-attachment":"scroll","background-type":"","background-media":"","overlay-type":"","overlay-color":"","overlay-opacity":"","overlay-gradient":""},"mobile":{"background-color":"var(--ast-global-color-5)","background-image":"","background-repeat":"repeat","background-position":"center center","background-size":"auto","background-attachment":"scroll","background-type":"","background-media":"","overlay-type":"","overlay-color":"","overlay-opacity":"","overlay-gradient":""}},"footnotes":""},"class_list":["post-1811","page","type-page","status-publish","hentry"],"acf":[],"jetpack_sharing_enabled":true,"_links":{"self":[{"href":"https:\/\/worlddancemovement.com\/fr\/wp-json\/wp\/v2\/pages\/1811","targetHints":{"allow":["GET"]}}],"collection":[{"href":"https:\/\/worlddancemovement.com\/fr\/wp-json\/wp\/v2\/pages"}],"about":[{"href":"https:\/\/worlddancemovement.com\/fr\/wp-json\/wp\/v2\/types\/page"}],"author":[{"embeddable":true,"href":"https:\/\/worlddancemovement.com\/fr\/wp-json\/wp\/v2\/users\/6"}],"replies":[{"embeddable":true,"href":"https:\/\/worlddancemovement.com\/fr\/wp-json\/wp\/v2\/comments?post=1811"}],"version-history":[{"count":10,"href":"https:\/\/worlddancemovement.com\/fr\/wp-json\/wp\/v2\/pages\/1811\/revisions"}],"predecessor-version":[{"id":13687,"href":"https:\/\/worlddancemovement.com\/fr\/wp-json\/wp\/v2\/pages\/1811\/revisions\/13687"}],"up":[{"embeddable":true,"href":"https:\/\/worlddancemovement.com\/fr\/wp-json\/wp\/v2\/pages\/1562"}],"wp:attachment":[{"href":"https:\/\/worlddancemovement.com\/fr\/wp-json\/wp\/v2\/media?parent=1811"}],"curies":[{"name":"wp","href":"https:\/\/api.w.org\/{rel}","templated":true}]}}

<div data-elementor-type="wp-page" data-elementor-id="1811" class="elementor elementor-1811" data-elementor-post-type="page">
						<section class="elementor-section elementor-top-section elementor-element elementor-element-94ec49d elementor-section-full_width elementor-section-height-min-height elementor-section-height-default elementor-section-items-middle" data-id="94ec49d" data-element_type="section" data-e-type="section" data-settings="{&quot;background_background&quot;:&quot;classic&quot;}">
							<div class="elementor-background-overlay"></div>
							<div class="elementor-container elementor-column-gap-no">
					<div class="elementor-column elementor-col-100 elementor-top-column elementor-element elementor-element-8268956" data-id="8268956" data-element_type="column" data-e-type="column">
			<div class="elementor-widget-wrap elementor-element-populated">
						<div class="elementor-element elementor-element-5016628 elementor-widget elementor-widget-heading" data-id="5016628" data-element_type="widget" data-e-type="widget" data-widget_type="heading.default">
				<div class="elementor-widget-container">
					<h2 class="elementor-heading-title elementor-size-default">FRANCESCA DARIO
</h2>				</div>
				</div>
				<div class="elementor-element elementor-element-a86216f elementor-widget-divider--view-line elementor-widget elementor-widget-divider" data-id="a86216f" data-element_type="widget" data-e-type="widget" data-widget_type="divider.default">
				<div class="elementor-widget-container">
							<div class="elementor-divider">
			<span class="elementor-divider-separator">
						</span>
		</div>
						</div>
				</div>
					</div>
		</div>
					</div>
		</section>
				<section class="elementor-section elementor-top-section elementor-element elementor-element-a2d6cca elementor-section-full_width elementor-section-height-default elementor-section-height-default" data-id="a2d6cca" data-element_type="section" data-e-type="section">
						<div class="elementor-container elementor-column-gap-default">
					<div class="elementor-column elementor-col-100 elementor-top-column elementor-element elementor-element-a45c6d3" data-id="a45c6d3" data-element_type="column" data-e-type="column">
			<div class="elementor-widget-wrap elementor-element-populated">
						<div class="elementor-element elementor-element-f854b1f elementor-widget elementor-widget-heading" data-id="f854b1f" data-element_type="widget" data-e-type="widget" data-widget_type="heading.default">
				<div class="elementor-widget-container">
					<h2 class="elementor-heading-title elementor-size-default">États-Unis/Italie - Classe : Ballet












</h2>				</div>
				</div>
				<div class="elementor-element elementor-element-3947f8e elementor-widget elementor-widget-text-editor" data-id="3947f8e" data-element_type="widget" data-e-type="widget" data-widget_type="text-editor.default">
				<div class="elementor-widget-container">
									<ul>
<li><span class="il">Francesca</span>Le début de sa carrière professionnelle a commencé au Teatro Sociale de Rovigo et à la Compagnie Fabula Saltica, où elle a joué dans des créations de Fabrizio Monteverde et Claudio Ronda. Elle a dansé dans l&#039;opéra musical « La Divina Commedia », chorégraphié par Anna Cuocolo, et a été la danseuse principale de « Carmen » de Bizet, chorégraphiée par Mario Piazza.&nbsp;</li></ul>
<ul>
<li>En 2004, elle rejoint la Compagnie Pantarei sous la direction artistique de Michele Oliva, où elle travaille comme soliste et assistante de M. Oliva. En 2009, elle devient soliste au sein de la compagnie Balletto 90. De 2010 à 2012, elle a dansé avec le Complexions Contemporary Ballet à New York. En 2013/2014, elle s&#039;est produite au Metropolitan Opera de New York, avec une chorégraphie d&#039;Itzik Galili.</li></ul>
<ul>
<li>En tant qu&#039;artiste indépendant,&nbsp;<span class="il">Francesca</span>&nbsp;a été invité à participer à divers projets, événements et émissions de télévision. Elle a eu l&#039;honneur de faire partie de la vidéo promotionnelle de la tournée de Beyoncé.</li></ul>
<ul>
<li>En tant que professeur invité, elle a dirigé des ateliers dans de nombreux endroits, notamment au Mediterraneo Dance Festival en Italie, Word Dance Movement en Italie, TBH à Prague, Contemporary Dance Festival à Kiev, Mdf en Israël, MDLA à Denver et en tant que professeur invité. au Peridance Capezio Center et au Broadway Dance Center à New York. Elle a également enseigné à l&#039;Université de New York, à la Grier School de Tyrone PA, au Motion Movement for Life à Altoona PA et au Twightlight Dance Competition à Boston.</li></ul>
<ul>
<li><span class="il">Francesca</span>&nbsp;est directrice d&#039;OCDP Professional Weekend, un cours professionnel de danse contemporaine, et d&#039;OCDP Progressive, un programme de formation professionnelle de haut niveau sur trois ans.</li></ul>
<ul>
<li>Depuis 2012,&nbsp;<span class="il">Francesca</span>&nbsp;a été directeur artistique du projet de danse contemporaine Oliva.</li>
</ul>								</div>
				</div>
					</div>
		</div>
					</div>
		</section>
				</div>
