{"id":425,"date":"2020-12-28T14:19:07","date_gmt":"2020-12-28T14:19:07","guid":{"rendered":"https:\/\/migrate.worlddancemovement.com\/?page_id=425"},"modified":"2023-10-05T22:24:40","modified_gmt":"2023-10-05T22:24:40","slug":"kleidi-kadiu","status":"publish","type":"page","link":"https:\/\/worlddancemovement.com\/fr\/faculty-italy\/kleidi-kadiu\/","title":{"rendered":"KLEIDI KADIU"},"content":{"rendered":"<div data-elementor-type=\"wp-page\" data-elementor-id=\"425\" class=\"elementor elementor-425\" data-elementor-post-type=\"page\">\n\t\t\t\t\t\t<section class=\"elementor-section elementor-top-section elementor-element elementor-element-94ec49d elementor-section-full_width elementor-section-height-min-height elementor-section-height-default elementor-section-items-middle\" data-id=\"94ec49d\" data-element_type=\"section\" data-e-type=\"section\" data-settings=\"{&quot;background_background&quot;:&quot;classic&quot;}\">\n\t\t\t\t\t\t\t<div class=\"elementor-background-overlay\"><\/div>\n\t\t\t\t\t\t\t<div class=\"elementor-container elementor-column-gap-no\">\n\t\t\t\t\t<div class=\"elementor-column elementor-col-100 elementor-top-column elementor-element elementor-element-8268956\" data-id=\"8268956\" data-element_type=\"column\" data-e-type=\"column\">\n\t\t\t<div class=\"elementor-widget-wrap elementor-element-populated\">\n\t\t\t\t\t\t<div class=\"elementor-element elementor-element-5016628 elementor-widget elementor-widget-heading\" data-id=\"5016628\" data-element_type=\"widget\" data-e-type=\"widget\" data-widget_type=\"heading.default\">\n\t\t\t\t<div class=\"elementor-widget-container\">\n\t\t\t\t\t<h2 class=\"elementor-heading-title elementor-size-default\">KLEIDI KADIU\n<\/h2>\t\t\t\t<\/div>\n\t\t\t\t<\/div>\n\t\t\t\t<div class=\"elementor-element elementor-element-a86216f elementor-widget-divider--view-line elementor-widget elementor-widget-divider\" data-id=\"a86216f\" data-element_type=\"widget\" data-e-type=\"widget\" data-widget_type=\"divider.default\">\n\t\t\t\t<div class=\"elementor-widget-container\">\n\t\t\t\t\t\t\t<div class=\"elementor-divider\">\n\t\t\t<span class=\"elementor-divider-separator\">\n\t\t\t\t\t\t<\/span>\n\t\t<\/div>\n\t\t\t\t\t\t<\/div>\n\t\t\t\t<\/div>\n\t\t\t\t\t<\/div>\n\t\t<\/div>\n\t\t\t\t\t<\/div>\n\t\t<\/section>\n\t\t\t\t<section class=\"elementor-section elementor-top-section elementor-element elementor-element-a2d6cca elementor-section-full_width elementor-section-height-default elementor-section-height-default\" data-id=\"a2d6cca\" data-element_type=\"section\" data-e-type=\"section\">\n\t\t\t\t\t\t<div class=\"elementor-container elementor-column-gap-default\">\n\t\t\t\t\t<div class=\"elementor-column elementor-col-100 elementor-top-column elementor-element elementor-element-a45c6d3\" data-id=\"a45c6d3\" data-element_type=\"column\" data-e-type=\"column\">\n\t\t\t<div class=\"elementor-widget-wrap elementor-element-populated\">\n\t\t\t\t\t\t<div class=\"elementor-element elementor-element-f854b1f elementor-widget elementor-widget-heading\" data-id=\"f854b1f\" data-element_type=\"widget\" data-e-type=\"widget\" data-widget_type=\"heading.default\">\n\t\t\t\t<div class=\"elementor-widget-container\">\n\t\t\t\t\t<h2 class=\"elementor-heading-title elementor-size-default\">CONTEMPORAIN - ALBANIE \/ ITALIE\n\n<\/h2>\t\t\t\t<\/div>\n\t\t\t\t<\/div>\n\t\t\t\t<div class=\"elementor-element elementor-element-cbe4344 elementor-widget elementor-widget-text-editor\" data-id=\"cbe4344\" data-element_type=\"widget\" data-e-type=\"widget\" data-widget_type=\"text-editor.default\">\n\t\t\t\t<div class=\"elementor-widget-container\">\n\t\t\t\t\t\t\t\t\t<p>Kledi est n\u00e9 \u00e0 Tirana, en Albanie. Il a \u00e9tudi\u00e9 \u00e0 l&#039;Acad\u00e9mie Nationale de Danse o\u00f9 il a obtenu son dipl\u00f4me en 1992. La m\u00eame ann\u00e9e, il a \u00e9t\u00e9 embauch\u00e9 par le Th\u00e9\u00e2tre National d&#039;Op\u00e9ra et de Ballet d&#039;Albanie et a dans\u00e9 des r\u00f4les solistes dans \u00ab Giselle \u00bb, \u00ab Casse-Noisette \u00bb, \u00ab Don Quichotte \u00bb. , \u00ab Dafn\u00e9 et Chlo\u00e9 \u00bb.<\/p><p>En 1993, il s&#039;installe en Italie et travaille \u00e0 Mantoue et plus tard \u00e0 Rovereto. Sa premi\u00e8re exp\u00e9rience \u00e0 la t\u00e9l\u00e9vision remonte \u00e0 1996 et l&#039;ann\u00e9e suivante, Kledi devient danseur principal pour des \u00e9missions de t\u00e9l\u00e9vision populaires telles que \u00ab Buona Domenica \u00bb, \u00ab C&#039;\u00e8 posta per te \u00bb et \u00ab Amici \u00bb.<\/p><p>En 2004, il fonde Kledi Dance et remporte le prix \u00ab\u00a0Gino Tani\u00a0\u00bb en tant qu&#039;artiste de l&#039;ann\u00e9e. La m\u00eame ann\u00e9e, le pr\u00e9sident albanais, Alfred Moisiu, a d\u00e9cern\u00e9 \u00e0 Kledi Kadiu la haute distinction d&#039;\u00ab ambassadeur de la nation \u00bb pour son \u00ab interpr\u00e9tation de l&#039;art chor\u00e9graphique et la repr\u00e9sentation de l&#039;image et des valeurs de l&#039;Albanie \u00e0 l&#039;\u00e9tranger \u00bb.<\/p><p>En 2005, il fait sa premi\u00e8re exp\u00e9rience cin\u00e9matographique avec \u00ab Passo a due \u00bb (r\u00e9alis\u00e9 par Andrea Barzini et chor\u00e9graphi\u00e9 par Mauro Mosconi) suivi du film \u00ab La cura del gorilla \u00bb avec Claudio Bisio (r\u00e9alis\u00e9 par Carlo Sigon).<\/p><p>En 2006, Kledi \u00e9tait le protagoniste de l&#039;\u00e9mission t\u00e9l\u00e9vis\u00e9e \u00ab Ma chi l&#039;avrebbe mai detto \u00bb (diffus\u00e9e sur Rai 1 et r\u00e9alis\u00e9e par Giuliana Gamba, avec Ornella Muti et Katia Ricciarelli). La m\u00eame ann\u00e9e, il re\u00e7oit le prix \u00ab La Ginestra d&#039;Oro \u00bb du meilleur danseur de t\u00e9l\u00e9vision.<\/p><p>En 2007-2009, il a \u00e9t\u00e9 le protagoniste de \u00ab Giulietta e Romeo \u00bb de Fabrizio Monteverde avec le Balletto di Roma.<\/p><p>En 2009, il publie son livre autobiographique \u2013 \u00ab Meglio di una favola \u00bb. Le livre a remport\u00e9 le prix Elsa Morante \u00ab Ragazzi \u00bb \u00e0 Naples.<\/p><p>En 2009, il devient \u00e9galement t\u00e9moin de PIGOTTA pour le projet UNICEF.<\/p><p>En juin 2010, il re\u00e7oit le Prix \u00ab Ariston Proballet 2010 \u00bb.<\/p><p>En 2010, Kledi est le t\u00e9moignage officiel des \u00e9v\u00e9nements Albanie-Italie \u00ab Due popoli, un mare, un&#039;amicizia \u00bb.<\/p><p>En juillet 2010, il a remport\u00e9 le prix \u00ab Acqui Danza 2010 \u00bb pour sa capacit\u00e9 \u00e0 faire appr\u00e9cier la danse aux t\u00e9l\u00e9spectateurs, ind\u00e9pendamment de leur int\u00e9r\u00eat sp\u00e9cifique pour cette forme d&#039;art.<\/p><p>En 2010\/2011, il a \u00e9t\u00e9 le protagoniste du spectacle de danse \u00ab Non solo Bolero \u00bb avec la Compagnia Mvula Sungani.<\/p><p>En 2010, l&#039;UNICEF l&#039;a choisi comme t\u00e9moignage pour la campagne \u00ab IOcomeTU \u2013 Mai nemici per la pelle \u00bb. Ce projet est n\u00e9 pour promouvoir un changement social positif qui \u00e9vite une attitude discriminatoire envers les groupes vuln\u00e9rables d&#039;enfants et d&#039;adolescents, tels que les enfants et adolescents d&#039;origine \u00e9trang\u00e8re sur le territoire italien.<\/p><p>En 2010, Kledi Kadiu est \u00e9galement devenue l&#039;animatrice de l&#039;\u00e9mission culturelle \u00ab Step \u2013 passi di danza \u00bb, produite par Vittoria Cappelli, r\u00e9alis\u00e9e par Alessandro Tresa et diffus\u00e9e sur Rai 5.<\/p><p>En mai 2011, Kledi Kadiu s&#039;est rendu au Bangladesh pour une mission avec l&#039;Unicef afin de montrer l&#039;engagement de l&#039;organisation en faveur de la protection des enfants.<\/p><p>En octobre 2011, il a \u00e9t\u00e9 l&#039;h\u00f4te de la deuxi\u00e8me \u00e9dition de PROGETTI DI DANZA et le correspondant sp\u00e9cial du Teatro alla Scala di Milano pour la premi\u00e8re de RAIMONDA.<\/p><p>En avril 2012, son pays d&#039;origine, l&#039;Albanie, lui a d\u00e9cern\u00e9 le titre de \u00ab Grand Ma\u00eetre \u00bb pour son activit\u00e9 artistique et pour sa contribution \u00e0 la diffusion de la danse au niveau international.<\/p><p>En septembre 2012, Kledi Kadiu a \u00e9t\u00e9 le protagoniste de la 69\u00e8me Mostra Internazionale d&#039;arte cinematografica de Venise avec le film \u00ab La Nave Dolce \u00bb r\u00e9alis\u00e9 par Daniele Vicari. Le film a remport\u00e9 le prix Pasinetti du meilleur documentaire.<\/p><p>En f\u00e9vrier 2013, il a anim\u00e9 le ballet Notre-Dame de Paris de Roland Petit dal Teatro \u00e0 la Scala di Milano diffus\u00e9 sur Rai 5.<\/p><p>En avril 2013, Kledi a t\u00e9moign\u00e9 pour l&#039;AISM (Associazione Italiana per la Ricerca contro la Sclerosi Multipla).<\/p><p>En ao\u00fbt 2013, il a re\u00e7u le prix Re Manfredi per la Danza.<\/p><p>En octobre 2013, il a anim\u00e9 la 4\u00e8me \u00e9dition de l&#039;\u00e9mission DANZA diffus\u00e9e sur Rai 5.<\/p><p>En novembre 2014, il fait partie de la facult\u00e9 de danse pour le Talent Show Amici diffus\u00e9 sur Canale 5.<\/p><p>En 2014-2015, il a \u00e9t\u00e9 le protagoniste du \u00ab Tango contemporain \u00bb avec le Balletto di Roma chor\u00e9graphi\u00e9 par Milena Zullo.<\/p><p>En d\u00e9cembre 2014, il a remport\u00e9 le Prix Personalit\u00e0 Europea.<\/p>\t\t\t\t\t\t\t\t<\/div>\n\t\t\t\t<\/div>\n\t\t\t\t\t<\/div>\n\t\t<\/div>\n\t\t\t\t\t<\/div>\n\t\t<\/section>\n\t\t\t\t<\/div>","protected":false},"excerpt":{"rendered":"<p>KLEIDI KADIU CONTEMPORARY &#8211; ALBANIA \/ ITALY Kledi was born in Tirana, Albania. He studied at the National Accademy of Dance where he graduated in 1992. In the same year he was hired by the National Theatre of Opera and Ballet of Albania and he danced solo roles in \u201cGiselle\u201d, \u201cThe Nutcracker\u201d, \u201cDon Quixote\u201d, \u201cDafne [&hellip;]<\/p>\n","protected":false},"author":6,"featured_media":0,"parent":329,"menu_order":0,"comment_status":"closed","ping_status":"closed","template":"","meta":{"_acf_changed":false,"site-sidebar-layout":"no-sidebar","site-content-layout":"page-builder","ast-site-content-layout":"default","site-content-style":"default","site-sidebar-style":"default","ast-global-header-display":"","ast-banner-title-visibility":"","ast-main-header-display":"","ast-hfb-above-header-display":"","ast-hfb-below-header-display":"","ast-hfb-mobile-header-display":"","site-post-title":"disabled","ast-breadcrumbs-content":"","ast-featured-img":"disabled","footer-sml-layout":"","ast-disable-related-posts":"","theme-transparent-header-meta":"default","adv-header-id-meta":"","stick-header-meta":"default","header-above-stick-meta":"","header-main-stick-meta":"","header-below-stick-meta":"","astra-migrate-meta-layouts":"default","ast-page-background-enabled":"default","ast-page-background-meta":{"desktop":{"background-color":"","background-image":"","background-repeat":"repeat","background-position":"center center","background-size":"auto","background-attachment":"scroll","background-type":"","background-media":"","overlay-type":"","overlay-color":"","overlay-opacity":"","overlay-gradient":""},"tablet":{"background-color":"","background-image":"","background-repeat":"repeat","background-position":"center center","background-size":"auto","background-attachment":"scroll","background-type":"","background-media":"","overlay-type":"","overlay-color":"","overlay-opacity":"","overlay-gradient":""},"mobile":{"background-color":"","background-image":"","background-repeat":"repeat","background-position":"center center","background-size":"auto","background-attachment":"scroll","background-type":"","background-media":"","overlay-type":"","overlay-color":"","overlay-opacity":"","overlay-gradient":""}},"ast-content-background-meta":{"desktop":{"background-color":"var(--ast-global-color-5)","background-image":"","background-repeat":"repeat","background-position":"center center","background-size":"auto","background-attachment":"scroll","background-type":"","background-media":"","overlay-type":"","overlay-color":"","overlay-opacity":"","overlay-gradient":""},"tablet":{"background-color":"var(--ast-global-color-5)","background-image":"","background-repeat":"repeat","background-position":"center center","background-size":"auto","background-attachment":"scroll","background-type":"","background-media":"","overlay-type":"","overlay-color":"","overlay-opacity":"","overlay-gradient":""},"mobile":{"background-color":"var(--ast-global-color-5)","background-image":"","background-repeat":"repeat","background-position":"center center","background-size":"auto","background-attachment":"scroll","background-type":"","background-media":"","overlay-type":"","overlay-color":"","overlay-opacity":"","overlay-gradient":""}},"footnotes":""},"class_list":["post-425","page","type-page","status-publish","hentry"],"acf":[],"jetpack_sharing_enabled":true,"_links":{"self":[{"href":"https:\/\/worlddancemovement.com\/fr\/wp-json\/wp\/v2\/pages\/425","targetHints":{"allow":["GET"]}}],"collection":[{"href":"https:\/\/worlddancemovement.com\/fr\/wp-json\/wp\/v2\/pages"}],"about":[{"href":"https:\/\/worlddancemovement.com\/fr\/wp-json\/wp\/v2\/types\/page"}],"author":[{"embeddable":true,"href":"https:\/\/worlddancemovement.com\/fr\/wp-json\/wp\/v2\/users\/6"}],"replies":[{"embeddable":true,"href":"https:\/\/worlddancemovement.com\/fr\/wp-json\/wp\/v2\/comments?post=425"}],"version-history":[{"count":10,"href":"https:\/\/worlddancemovement.com\/fr\/wp-json\/wp\/v2\/pages\/425\/revisions"}],"predecessor-version":[{"id":13357,"href":"https:\/\/worlddancemovement.com\/fr\/wp-json\/wp\/v2\/pages\/425\/revisions\/13357"}],"up":[{"embeddable":true,"href":"https:\/\/worlddancemovement.com\/fr\/wp-json\/wp\/v2\/pages\/329"}],"wp:attachment":[{"href":"https:\/\/worlddancemovement.com\/fr\/wp-json\/wp\/v2\/media?parent=425"}],"curies":[{"name":"wp","href":"https:\/\/api.w.org\/{rel}","templated":true}]}}

<div data-elementor-type="wp-page" data-elementor-id="425" class="elementor elementor-425" data-elementor-post-type="page">
						<section class="elementor-section elementor-top-section elementor-element elementor-element-94ec49d elementor-section-full_width elementor-section-height-min-height elementor-section-height-default elementor-section-items-middle" data-id="94ec49d" data-element_type="section" data-e-type="section" data-settings="{&quot;background_background&quot;:&quot;classic&quot;}">
							<div class="elementor-background-overlay"></div>
							<div class="elementor-container elementor-column-gap-no">
					<div class="elementor-column elementor-col-100 elementor-top-column elementor-element elementor-element-8268956" data-id="8268956" data-element_type="column" data-e-type="column">
			<div class="elementor-widget-wrap elementor-element-populated">
						<div class="elementor-element elementor-element-5016628 elementor-widget elementor-widget-heading" data-id="5016628" data-element_type="widget" data-e-type="widget" data-widget_type="heading.default">
				<div class="elementor-widget-container">
					<h2 class="elementor-heading-title elementor-size-default">KLEIDI KADIU
</h2>				</div>
				</div>
				<div class="elementor-element elementor-element-a86216f elementor-widget-divider--view-line elementor-widget elementor-widget-divider" data-id="a86216f" data-element_type="widget" data-e-type="widget" data-widget_type="divider.default">
				<div class="elementor-widget-container">
							<div class="elementor-divider">
			<span class="elementor-divider-separator">
						</span>
		</div>
						</div>
				</div>
					</div>
		</div>
					</div>
		</section>
				<section class="elementor-section elementor-top-section elementor-element elementor-element-a2d6cca elementor-section-full_width elementor-section-height-default elementor-section-height-default" data-id="a2d6cca" data-element_type="section" data-e-type="section">
						<div class="elementor-container elementor-column-gap-default">
					<div class="elementor-column elementor-col-100 elementor-top-column elementor-element elementor-element-a45c6d3" data-id="a45c6d3" data-element_type="column" data-e-type="column">
			<div class="elementor-widget-wrap elementor-element-populated">
						<div class="elementor-element elementor-element-f854b1f elementor-widget elementor-widget-heading" data-id="f854b1f" data-element_type="widget" data-e-type="widget" data-widget_type="heading.default">
				<div class="elementor-widget-container">
					<h2 class="elementor-heading-title elementor-size-default">CONTEMPORAIN - ALBANIE / ITALIE

</h2>				</div>
				</div>
				<div class="elementor-element elementor-element-cbe4344 elementor-widget elementor-widget-text-editor" data-id="cbe4344" data-element_type="widget" data-e-type="widget" data-widget_type="text-editor.default">
				<div class="elementor-widget-container">
									<p>Kledi est né à Tirana, en Albanie. Il a étudié à l&#039;Académie Nationale de Danse où il a obtenu son diplôme en 1992. La même année, il a été embauché par le Théâtre National d&#039;Opéra et de Ballet d&#039;Albanie et a dansé des rôles solistes dans « Giselle », « Casse-Noisette », « Don Quichotte ». , « Dafné et Chloé ».</p><p>En 1993, il s&#039;installe en Italie et travaille à Mantoue et plus tard à Rovereto. Sa première expérience à la télévision remonte à 1996 et l&#039;année suivante, Kledi devient danseur principal pour des émissions de télévision populaires telles que « Buona Domenica », « C&#039;è posta per te » et « Amici ».</p><p>En 2004, il fonde Kledi Dance et remporte le prix « Gino Tani » en tant qu&#039;artiste de l&#039;année. La même année, le président albanais, Alfred Moisiu, a décerné à Kledi Kadiu la haute distinction d&#039;« ambassadeur de la nation » pour son « interprétation de l&#039;art chorégraphique et la représentation de l&#039;image et des valeurs de l&#039;Albanie à l&#039;étranger ».</p><p>En 2005, il fait sa première expérience cinématographique avec « Passo a due » (réalisé par Andrea Barzini et chorégraphié par Mauro Mosconi) suivi du film « La cura del gorilla » avec Claudio Bisio (réalisé par Carlo Sigon).</p><p>En 2006, Kledi était le protagoniste de l&#039;émission télévisée « Ma chi l&#039;avrebbe mai detto » (diffusée sur Rai 1 et réalisée par Giuliana Gamba, avec Ornella Muti et Katia Ricciarelli). La même année, il reçoit le prix « La Ginestra d&#039;Oro » du meilleur danseur de télévision.</p><p>En 2007-2009, il a été le protagoniste de « Giulietta e Romeo » de Fabrizio Monteverde avec le Balletto di Roma.</p><p>En 2009, il publie son livre autobiographique – « Meglio di una favola ». Le livre a remporté le prix Elsa Morante « Ragazzi » à Naples.</p><p>En 2009, il devient également témoin de PIGOTTA pour le projet UNICEF.</p><p>En juin 2010, il reçoit le Prix « Ariston Proballet 2010 ».</p><p>En 2010, Kledi est le témoignage officiel des événements Albanie-Italie « Due popoli, un mare, un&#039;amicizia ».</p><p>En juillet 2010, il a remporté le prix « Acqui Danza 2010 » pour sa capacité à faire apprécier la danse aux téléspectateurs, indépendamment de leur intérêt spécifique pour cette forme d&#039;art.</p><p>En 2010/2011, il a été le protagoniste du spectacle de danse « Non solo Bolero » avec la Compagnia Mvula Sungani.</p><p>En 2010, l&#039;UNICEF l&#039;a choisi comme témoignage pour la campagne « IOcomeTU – Mai nemici per la pelle ». Ce projet est né pour promouvoir un changement social positif qui évite une attitude discriminatoire envers les groupes vulnérables d&#039;enfants et d&#039;adolescents, tels que les enfants et adolescents d&#039;origine étrangère sur le territoire italien.</p><p>En 2010, Kledi Kadiu est également devenue l&#039;animatrice de l&#039;émission culturelle « Step – passi di danza », produite par Vittoria Cappelli, réalisée par Alessandro Tresa et diffusée sur Rai 5.</p><p>En mai 2011, Kledi Kadiu s&#039;est rendu au Bangladesh pour une mission avec l&#039;Unicef afin de montrer l&#039;engagement de l&#039;organisation en faveur de la protection des enfants.</p><p>En octobre 2011, il a été l&#039;hôte de la deuxième édition de PROGETTI DI DANZA et le correspondant spécial du Teatro alla Scala di Milano pour la première de RAIMONDA.</p><p>En avril 2012, son pays d&#039;origine, l&#039;Albanie, lui a décerné le titre de « Grand Maître » pour son activité artistique et pour sa contribution à la diffusion de la danse au niveau international.</p><p>En septembre 2012, Kledi Kadiu a été le protagoniste de la 69ème Mostra Internazionale d&#039;arte cinematografica de Venise avec le film « La Nave Dolce » réalisé par Daniele Vicari. Le film a remporté le prix Pasinetti du meilleur documentaire.</p><p>En février 2013, il a animé le ballet Notre-Dame de Paris de Roland Petit dal Teatro à la Scala di Milano diffusé sur Rai 5.</p><p>En avril 2013, Kledi a témoigné pour l&#039;AISM (Associazione Italiana per la Ricerca contro la Sclerosi Multipla).</p><p>En août 2013, il a reçu le prix Re Manfredi per la Danza.</p><p>En octobre 2013, il a animé la 4ème édition de l&#039;émission DANZA diffusée sur Rai 5.</p><p>En novembre 2014, il fait partie de la faculté de danse pour le Talent Show Amici diffusé sur Canale 5.</p><p>En 2014-2015, il a été le protagoniste du « Tango contemporain » avec le Balletto di Roma chorégraphié par Milena Zullo.</p><p>En décembre 2014, il a remporté le Prix Personalità Europea.</p>								</div>
				</div>
					</div>
		</div>
					</div>
		</section>
				</div>
