{"id":1741,"date":"2021-01-01T14:45:28","date_gmt":"2021-01-01T14:45:28","guid":{"rendered":"https:\/\/migrate.worlddancemovement.com\/?page_id=1741"},"modified":"2021-01-23T20:00:07","modified_gmt":"2021-01-23T20:00:07","slug":"fredy-franzutti-wdm","status":"publish","type":"page","link":"https:\/\/worlddancemovement.com\/it_it\/faculty\/fredy-franzutti-wdm\/","title":{"rendered":"FREDY FRANZUTTI"},"content":{"rendered":"<div data-elementor-type=\"wp-page\" data-elementor-id=\"1741\" class=\"elementor elementor-1741\" data-elementor-post-type=\"page\">\n\t\t\t\t\t\t<section class=\"elementor-section elementor-top-section elementor-element elementor-element-94ec49d elementor-section-full_width elementor-section-height-min-height elementor-section-height-default elementor-section-items-middle\" data-id=\"94ec49d\" data-element_type=\"section\" data-e-type=\"section\" data-settings=\"{&quot;background_background&quot;:&quot;classic&quot;}\">\n\t\t\t\t\t\t\t<div class=\"elementor-background-overlay\"><\/div>\n\t\t\t\t\t\t\t<div class=\"elementor-container elementor-column-gap-no\">\n\t\t\t\t\t<div class=\"elementor-column elementor-col-100 elementor-top-column elementor-element elementor-element-8268956\" data-id=\"8268956\" data-element_type=\"column\" data-e-type=\"column\">\n\t\t\t<div class=\"elementor-widget-wrap elementor-element-populated\">\n\t\t\t\t\t\t<div class=\"elementor-element elementor-element-5016628 elementor-widget elementor-widget-heading\" data-id=\"5016628\" data-element_type=\"widget\" data-e-type=\"widget\" data-widget_type=\"heading.default\">\n\t\t\t\t<div class=\"elementor-widget-container\">\n\t\t\t\t\t<h2 class=\"elementor-heading-title elementor-size-default\">FREDY FRANZUTTI\n<\/h2>\t\t\t\t<\/div>\n\t\t\t\t<\/div>\n\t\t\t\t<div class=\"elementor-element elementor-element-a86216f elementor-widget-divider--view-line elementor-widget elementor-widget-divider\" data-id=\"a86216f\" data-element_type=\"widget\" data-e-type=\"widget\" data-widget_type=\"divider.default\">\n\t\t\t\t<div class=\"elementor-widget-container\">\n\t\t\t\t\t\t\t<div class=\"elementor-divider\">\n\t\t\t<span class=\"elementor-divider-separator\">\n\t\t\t\t\t\t<\/span>\n\t\t<\/div>\n\t\t\t\t\t\t<\/div>\n\t\t\t\t<\/div>\n\t\t\t\t\t<\/div>\n\t\t<\/div>\n\t\t\t\t\t<\/div>\n\t\t<\/section>\n\t\t\t\t<section class=\"elementor-section elementor-top-section elementor-element elementor-element-a2d6cca elementor-section-full_width elementor-section-height-default elementor-section-height-default\" data-id=\"a2d6cca\" data-element_type=\"section\" data-e-type=\"section\">\n\t\t\t\t\t\t<div class=\"elementor-container elementor-column-gap-default\">\n\t\t\t\t\t<div class=\"elementor-column elementor-col-100 elementor-top-column elementor-element elementor-element-a45c6d3\" data-id=\"a45c6d3\" data-element_type=\"column\" data-e-type=\"column\">\n\t\t\t<div class=\"elementor-widget-wrap elementor-element-populated\">\n\t\t\t\t\t\t<div class=\"elementor-element elementor-element-f854b1f elementor-widget elementor-widget-heading\" data-id=\"f854b1f\" data-element_type=\"widget\" data-e-type=\"widget\" data-widget_type=\"heading.default\">\n\t\t\t\t<div class=\"elementor-widget-container\">\n\t\t\t\t\t<h2 class=\"elementor-heading-title elementor-size-default\">ITALIA \/ Classe: Balletto\n\n\n\n\n\n\n\n\n\n\n<\/h2>\t\t\t\t<\/div>\n\t\t\t\t<\/div>\n\t\t\t\t<div class=\"elementor-element elementor-element-3947f8e elementor-widget elementor-widget-text-editor\" data-id=\"3947f8e\" data-element_type=\"widget\" data-e-type=\"widget\" data-widget_type=\"text-editor.default\">\n\t\t\t\t<div class=\"elementor-widget-container\">\n\t\t\t\t\t\t\t\t\t<p>FREDY Franzutti \u00e8 stato da subito considerato il \u201cprodigio del gar\u00e7on della coreografia italiana\u201d (Michele Nocera -Tuttodanza), e \u201cuno dei coreografi pi\u00f9 apprezzati a livello nazionale\u201d (Vittoria Ottolenghi). Realizza balletti per il Teatro \u201cBolshoi\u201d di Mosca, per l&#039;Opera di Roma, il Teatro dell&#039;Opera di Sophia, l&#039;Opera di Monte Carlo, l&#039;Opera di Bilbao, per il Teatro \u201cV. Bellini \u201cCatania, e per diversi eventi di Rai Uno come le danze del Concerto di Capodanno 2004 diretto da Lorin Maazel, trasmesso da Venezia in Eurovisione.<\/p><p>Dirige dal 1995 il \u201cBalletto del Sud\u201d per il quale coreografa venticinque produzioni tra cui \u201cLo Schiaccianoci\u201d, \u201cIl Lago dei Cigni\u201d, \u201cLa Bella Addormentata\u201d, \u201cRomeo e Giulietta\u201d, \u201cScheherazade\u201d, \u201cL&#039;Uccello di Fuoco\u201d. \u201c. Oggi la sua compagnia replica si esibisce nei pi\u00f9 importanti festival italiani e partecipa anche a numerose produzioni operistiche, ricordiamo quelle su invito di Pier Luigi Pizzi al ROF di Pesaro e al Teatro Lirico di Cagliari, Paolo Miccich\u00e8 alle Terme di Caracalla di Roma (Aida 2006), Flavio Trevisan al Teatro Bellini di Catania, Pier Francesco Maestrini al Teatro Valli di Reggio Emilia, in Russia e Spagna, Beppe De Tomasi in Francia. Franzutti coreografo delle danze della stagione lirica leccese dal 1998 al 2005 su invito di Katia Ricciarelli e dal 2006 su invito di Filippo Zigante. Franzutti collabora con Carla Fracci, Lindsay Kemp e realizza coreografie per numerose \u00c8toile internazionali. Da ricordare anche le danze del \u201cMartirio di San Sebastiano\u201d con Giorgio Albertazzi a Verona, l&#039;evento di apertura del Teatro Romano di Lecce (per Fondazione Memmo), l&#039;inaugurazione Porta Galliera (2003) e la Scalinata del Pincio (2004) Bologna (per Vittoria Cappelli). Su invito di Vittoria Ottolenghi partecipa a diverse edizioni di Maratone Internazionali e balla allo spettacolo con musiche di Luciano Berio \u201cI Trionfi del Petrarca\u201d al Mitlefest di Cividale. Maurizio Squillante gli affida la coreografia della sua opera contemporanea \u201cLe ali di Dedalo\u201d in tourn\u00e9e nazionale.<br \/>Tra i festival italiani che ospitano pi\u00f9 volte la sua compagnia ricordiamo: Festival della Versiliana e quelli di Vignale, Roma, Todi, Venezia, Milano, Siracusa, Taormina, Paestum, Gardone Riviera, ed eseguito in numerosi teatri italiani. Ricordiamo anche il Pavillao Atlantic di Lisbona, l&#039;Olympia Hall di Monaco di Baviera, il Teatro Euskalduna di Bilbao e la tourn\u00e9e del 2006 nei teatri di Hanoi e Ho Chi Min City in Vietnam.<\/p><p>Agli spettacoli da lui ideati, che prevedono la lettura di testi, hanno partecipato Ugo Pagliai, Paola Pitagora, Michele Mirabella, Arnoldo Foa. Tra i musicisti con cui lavora figurano Lorin Maazel, Richard Bonynge, Karl Martin, Francesco Libetta. Franzutti dirige il cortometraggio \u201cSe questo \u00e8 un uomo\u201d con Michele Placido, Emilio Solfrizzi. Tra gli eventi televisivi, oltre al concerto di Capodanno del 2004, le coreografie per \u201cFesta della Repubblica\u201d nel 2002, per la trasmissione \u201cUna voce per Padre Pio\u201d (2004 e 2006), e per Rai 2 \u201cPremio Zeus\u201d. (2005 e 2006), Le Meraviglie d\u2019estate (Padula 2006), \u201cLoro\u2026Golfo\u201d (Pompei 2007), \u201cIl cerchio della vita\u201d (Agropoli 2007).<\/p><p>Carla Fracci invita Franzutti al Teatro dell&#039;Opera di Roma per le coreografie del balletto: \u201cCaterina, la figlia degli esiliati\u201d su musiche di Pugni, \u201cBaccus e Arianna\u201d musiche di Russell e \u201cLa figlia del Danubio\u201d musiche di Adam.<\/p><p>La critica pi\u00f9 autorevole mostra ampio interesse per la sua opera, evidenziandone i tratti originali e moderni.<\/p>\t\t\t\t\t\t\t\t<\/div>\n\t\t\t\t<\/div>\n\t\t\t\t<div class=\"elementor-element elementor-element-a136ef3 elementor-widget elementor-widget-heading\" data-id=\"a136ef3\" data-element_type=\"widget\" data-e-type=\"widget\" data-widget_type=\"heading.default\">\n\t\t\t\t<div class=\"elementor-widget-container\">\n\t\t\t\t\t<h2 class=\"elementor-heading-title elementor-size-default\"><a href=\"http:\/\/translate.google.com\/translate?depth=1&#038;hl=en&#038;prev=search&#038;rurl=translate.google.com&#038;sl=it&#038;u=http:\/\/www.ballettodelsud.it\/index.php%3Foption%3Dcom_content%26task%3Dview%26id%3D237%26Itemid%3D50\">Fredy Franzutti Card \n\n\n\n\n\n\n\n\n\n<\/a><\/h2>\t\t\t\t<\/div>\n\t\t\t\t<\/div>\n\t\t\t\t<div class=\"elementor-element elementor-element-2187aa7 elementor-widget elementor-widget-text-editor\" data-id=\"2187aa7\" data-element_type=\"widget\" data-e-type=\"widget\" data-widget_type=\"text-editor.default\">\n\t\t\t\t<div class=\"elementor-widget-container\">\n\t\t\t\t\t\t\t\t\t<p>\u201cIl direttore del Balletto del Sud ha ambientato la sua nuova \u201cLa Bella Addormentata\u201d nel suo nativo Salento\u2026 Un\u2019idea geniale\u201d.<br \/>Vittoria Ottolenghi \u2013 L&#039;Espresso<\/p><p>\u201cC\u2019era ancora un coreografo come Fredy Franzutti, cos\u00ec determinato e appassionato nell\u2019affrontare i pezzi grossi della letteratura del balletto, ambizioso ma non irrealistico, attratto dalla creativit\u00e0\u201d.<br \/>Albert \u2013 Balletto Oggi<\/p><p>\u201cFranzutti con un lavoro peculiare, in modo molto personale e contemporaneo, rielabora metodi narrativi e costruisce spettacoli che lasciano il segno.\u201d<br \/>Michele Nocera \u2013 Tuttodanza<\/p><p>\u201cFredy Franzutti, ho molto rispetto per lui, per il suo lavoro, per il suo impegno come artista\u201d<br \/>Pier Luigi Pizzi \u2013 Il Quotidiano<\/p><p>\u201cIn particolare ho un ottimo rapporto con il coreografo Fredy Franzutti\u2026 perch\u00e9 oltre alla sua straordinaria ed inventiva vena romantica, possiede anche la capacit\u00e0 di far ridere e le coreografie sono gli spiriti pi\u00f9 difficili da raggiungere\u201d. Beppe De Tomasi<\/p><p>\u00abQuesto si colloca Franzutti nel solco storico di tanti grandi coreografi della scuola britannica.\u00bb<br \/>Nicola Sbis\u00e0 \u2013 Gazzetta del Mezzogiorno<\/p>\t\t\t\t\t\t\t\t<\/div>\n\t\t\t\t<\/div>\n\t\t\t\t\t<\/div>\n\t\t<\/div>\n\t\t\t\t\t<\/div>\n\t\t<\/section>\n\t\t\t\t<\/div>","protected":false},"excerpt":{"rendered":"<p>FREDY FRANZUTTI ITALY \/ Class: Ballet FREDY Franzutti was immediately considered the &#8220;gar\u00e7on prodigy choreography Italian&#8221; (Michele Nocera -Tuttodanza), and &#8220;one of the most respected choreographers in the national&#8221; (Vittoria Ottolenghi). Create ballets for the Theatre &#8220;Bolshoi&#8221; Moscow, for the Rome Opera, the Teatro dell&#8217;Opera in Sophia, the Monte Carlo Opera, the Opera of Bilbao, [&hellip;]<\/p>\n","protected":false},"author":6,"featured_media":0,"parent":1562,"menu_order":0,"comment_status":"closed","ping_status":"closed","template":"","meta":{"_acf_changed":false,"site-sidebar-layout":"no-sidebar","site-content-layout":"page-builder","ast-site-content-layout":"default","site-content-style":"default","site-sidebar-style":"default","ast-global-header-display":"","ast-banner-title-visibility":"","ast-main-header-display":"","ast-hfb-above-header-display":"","ast-hfb-below-header-display":"","ast-hfb-mobile-header-display":"","site-post-title":"disabled","ast-breadcrumbs-content":"","ast-featured-img":"disabled","footer-sml-layout":"","ast-disable-related-posts":"","theme-transparent-header-meta":"default","adv-header-id-meta":"","stick-header-meta":"default","header-above-stick-meta":"","header-main-stick-meta":"","header-below-stick-meta":"","astra-migrate-meta-layouts":"default","ast-page-background-enabled":"default","ast-page-background-meta":{"desktop":{"background-color":"","background-image":"","background-repeat":"repeat","background-position":"center center","background-size":"auto","background-attachment":"scroll","background-type":"","background-media":"","overlay-type":"","overlay-color":"","overlay-opacity":"","overlay-gradient":""},"tablet":{"background-color":"","background-image":"","background-repeat":"repeat","background-position":"center center","background-size":"auto","background-attachment":"scroll","background-type":"","background-media":"","overlay-type":"","overlay-color":"","overlay-opacity":"","overlay-gradient":""},"mobile":{"background-color":"","background-image":"","background-repeat":"repeat","background-position":"center center","background-size":"auto","background-attachment":"scroll","background-type":"","background-media":"","overlay-type":"","overlay-color":"","overlay-opacity":"","overlay-gradient":""}},"ast-content-background-meta":{"desktop":{"background-color":"var(--ast-global-color-5)","background-image":"","background-repeat":"repeat","background-position":"center center","background-size":"auto","background-attachment":"scroll","background-type":"","background-media":"","overlay-type":"","overlay-color":"","overlay-opacity":"","overlay-gradient":""},"tablet":{"background-color":"var(--ast-global-color-5)","background-image":"","background-repeat":"repeat","background-position":"center center","background-size":"auto","background-attachment":"scroll","background-type":"","background-media":"","overlay-type":"","overlay-color":"","overlay-opacity":"","overlay-gradient":""},"mobile":{"background-color":"var(--ast-global-color-5)","background-image":"","background-repeat":"repeat","background-position":"center center","background-size":"auto","background-attachment":"scroll","background-type":"","background-media":"","overlay-type":"","overlay-color":"","overlay-opacity":"","overlay-gradient":""}},"footnotes":""},"class_list":["post-1741","page","type-page","status-publish","hentry"],"acf":[],"jetpack_sharing_enabled":true,"_links":{"self":[{"href":"https:\/\/worlddancemovement.com\/it_it\/wp-json\/wp\/v2\/pages\/1741","targetHints":{"allow":["GET"]}}],"collection":[{"href":"https:\/\/worlddancemovement.com\/it_it\/wp-json\/wp\/v2\/pages"}],"about":[{"href":"https:\/\/worlddancemovement.com\/it_it\/wp-json\/wp\/v2\/types\/page"}],"author":[{"embeddable":true,"href":"https:\/\/worlddancemovement.com\/it_it\/wp-json\/wp\/v2\/users\/6"}],"replies":[{"embeddable":true,"href":"https:\/\/worlddancemovement.com\/it_it\/wp-json\/wp\/v2\/comments?post=1741"}],"version-history":[{"count":10,"href":"https:\/\/worlddancemovement.com\/it_it\/wp-json\/wp\/v2\/pages\/1741\/revisions"}],"predecessor-version":[{"id":3200,"href":"https:\/\/worlddancemovement.com\/it_it\/wp-json\/wp\/v2\/pages\/1741\/revisions\/3200"}],"up":[{"embeddable":true,"href":"https:\/\/worlddancemovement.com\/it_it\/wp-json\/wp\/v2\/pages\/1562"}],"wp:attachment":[{"href":"https:\/\/worlddancemovement.com\/it_it\/wp-json\/wp\/v2\/media?parent=1741"}],"curies":[{"name":"parola chiave","href":"https:\/\/api.w.org\/{rel}","templated":true}]}}

<div data-elementor-type="wp-page" data-elementor-id="1741" class="elementor elementor-1741" data-elementor-post-type="page">
						<section class="elementor-section elementor-top-section elementor-element elementor-element-94ec49d elementor-section-full_width elementor-section-height-min-height elementor-section-height-default elementor-section-items-middle" data-id="94ec49d" data-element_type="section" data-e-type="section" data-settings="{&quot;background_background&quot;:&quot;classic&quot;}">
							<div class="elementor-background-overlay"></div>
							<div class="elementor-container elementor-column-gap-no">
					<div class="elementor-column elementor-col-100 elementor-top-column elementor-element elementor-element-8268956" data-id="8268956" data-element_type="column" data-e-type="column">
			<div class="elementor-widget-wrap elementor-element-populated">
						<div class="elementor-element elementor-element-5016628 elementor-widget elementor-widget-heading" data-id="5016628" data-element_type="widget" data-e-type="widget" data-widget_type="heading.default">
				<div class="elementor-widget-container">
					<h2 class="elementor-heading-title elementor-size-default">FREDY FRANZUTTI
</h2>				</div>
				</div>
				<div class="elementor-element elementor-element-a86216f elementor-widget-divider--view-line elementor-widget elementor-widget-divider" data-id="a86216f" data-element_type="widget" data-e-type="widget" data-widget_type="divider.default">
				<div class="elementor-widget-container">
							<div class="elementor-divider">
			<span class="elementor-divider-separator">
						</span>
		</div>
						</div>
				</div>
					</div>
		</div>
					</div>
		</section>
				<section class="elementor-section elementor-top-section elementor-element elementor-element-a2d6cca elementor-section-full_width elementor-section-height-default elementor-section-height-default" data-id="a2d6cca" data-element_type="section" data-e-type="section">
						<div class="elementor-container elementor-column-gap-default">
					<div class="elementor-column elementor-col-100 elementor-top-column elementor-element elementor-element-a45c6d3" data-id="a45c6d3" data-element_type="column" data-e-type="column">
			<div class="elementor-widget-wrap elementor-element-populated">
						<div class="elementor-element elementor-element-f854b1f elementor-widget elementor-widget-heading" data-id="f854b1f" data-element_type="widget" data-e-type="widget" data-widget_type="heading.default">
				<div class="elementor-widget-container">
					<h2 class="elementor-heading-title elementor-size-default">ITALIA / Classe: Balletto










</h2>				</div>
				</div>
				<div class="elementor-element elementor-element-3947f8e elementor-widget elementor-widget-text-editor" data-id="3947f8e" data-element_type="widget" data-e-type="widget" data-widget_type="text-editor.default">
				<div class="elementor-widget-container">
									<p>FREDY Franzutti è stato da subito considerato il “prodigio del garçon della coreografia italiana” (Michele Nocera -Tuttodanza), e “uno dei coreografi più apprezzati a livello nazionale” (Vittoria Ottolenghi). Realizza balletti per il Teatro “Bolshoi” di Mosca, per l&#039;Opera di Roma, il Teatro dell&#039;Opera di Sophia, l&#039;Opera di Monte Carlo, l&#039;Opera di Bilbao, per il Teatro “V. Bellini “Catania, e per diversi eventi di Rai Uno come le danze del Concerto di Capodanno 2004 diretto da Lorin Maazel, trasmesso da Venezia in Eurovisione.</p><p>Dirige dal 1995 il “Balletto del Sud” per il quale coreografa venticinque produzioni tra cui “Lo Schiaccianoci”, “Il Lago dei Cigni”, “La Bella Addormentata”, “Romeo e Giulietta”, “Scheherazade”, “L&#039;Uccello di Fuoco”. “. Oggi la sua compagnia replica si esibisce nei più importanti festival italiani e partecipa anche a numerose produzioni operistiche, ricordiamo quelle su invito di Pier Luigi Pizzi al ROF di Pesaro e al Teatro Lirico di Cagliari, Paolo Miccichè alle Terme di Caracalla di Roma (Aida 2006), Flavio Trevisan al Teatro Bellini di Catania, Pier Francesco Maestrini al Teatro Valli di Reggio Emilia, in Russia e Spagna, Beppe De Tomasi in Francia. Franzutti coreografo delle danze della stagione lirica leccese dal 1998 al 2005 su invito di Katia Ricciarelli e dal 2006 su invito di Filippo Zigante. Franzutti collabora con Carla Fracci, Lindsay Kemp e realizza coreografie per numerose Ètoile internazionali. Da ricordare anche le danze del “Martirio di San Sebastiano” con Giorgio Albertazzi a Verona, l&#039;evento di apertura del Teatro Romano di Lecce (per Fondazione Memmo), l&#039;inaugurazione Porta Galliera (2003) e la Scalinata del Pincio (2004) Bologna (per Vittoria Cappelli). Su invito di Vittoria Ottolenghi partecipa a diverse edizioni di Maratone Internazionali e balla allo spettacolo con musiche di Luciano Berio “I Trionfi del Petrarca” al Mitlefest di Cividale. Maurizio Squillante gli affida la coreografia della sua opera contemporanea “Le ali di Dedalo” in tournée nazionale.<br />Tra i festival italiani che ospitano più volte la sua compagnia ricordiamo: Festival della Versiliana e quelli di Vignale, Roma, Todi, Venezia, Milano, Siracusa, Taormina, Paestum, Gardone Riviera, ed eseguito in numerosi teatri italiani. Ricordiamo anche il Pavillao Atlantic di Lisbona, l&#039;Olympia Hall di Monaco di Baviera, il Teatro Euskalduna di Bilbao e la tournée del 2006 nei teatri di Hanoi e Ho Chi Min City in Vietnam.</p><p>Agli spettacoli da lui ideati, che prevedono la lettura di testi, hanno partecipato Ugo Pagliai, Paola Pitagora, Michele Mirabella, Arnoldo Foa. Tra i musicisti con cui lavora figurano Lorin Maazel, Richard Bonynge, Karl Martin, Francesco Libetta. Franzutti dirige il cortometraggio “Se questo è un uomo” con Michele Placido, Emilio Solfrizzi. Tra gli eventi televisivi, oltre al concerto di Capodanno del 2004, le coreografie per “Festa della Repubblica” nel 2002, per la trasmissione “Una voce per Padre Pio” (2004 e 2006), e per Rai 2 “Premio Zeus”. (2005 e 2006), Le Meraviglie d’estate (Padula 2006), “Loro…Golfo” (Pompei 2007), “Il cerchio della vita” (Agropoli 2007).</p><p>Carla Fracci invita Franzutti al Teatro dell&#039;Opera di Roma per le coreografie del balletto: “Caterina, la figlia degli esiliati” su musiche di Pugni, “Baccus e Arianna” musiche di Russell e “La figlia del Danubio” musiche di Adam.</p><p>La critica più autorevole mostra ampio interesse per la sua opera, evidenziandone i tratti originali e moderni.</p>								</div>
				</div>
				<div class="elementor-element elementor-element-a136ef3 elementor-widget elementor-widget-heading" data-id="a136ef3" data-element_type="widget" data-e-type="widget" data-widget_type="heading.default">
				<div class="elementor-widget-container">
					<h2 class="elementor-heading-title elementor-size-default"><a href="http://translate.google.com/translate?depth=1&#038;hl=en&#038;prev=search&#038;rurl=translate.google.com&#038;sl=it&#038;u=http://www.ballettodelsud.it/index.php%3Foption%3Dcom_content%26task%3Dview%26id%3D237%26Itemid%3D50">Fredy Franzutti Card 









</a></h2>				</div>
				</div>
				<div class="elementor-element elementor-element-2187aa7 elementor-widget elementor-widget-text-editor" data-id="2187aa7" data-element_type="widget" data-e-type="widget" data-widget_type="text-editor.default">
				<div class="elementor-widget-container">
									<p>“Il direttore del Balletto del Sud ha ambientato la sua nuova “La Bella Addormentata” nel suo nativo Salento… Un’idea geniale”.<br />Vittoria Ottolenghi – L&#039;Espresso</p><p>“C’era ancora un coreografo come Fredy Franzutti, così determinato e appassionato nell’affrontare i pezzi grossi della letteratura del balletto, ambizioso ma non irrealistico, attratto dalla creatività”.<br />Albert – Balletto Oggi</p><p>“Franzutti con un lavoro peculiare, in modo molto personale e contemporaneo, rielabora metodi narrativi e costruisce spettacoli che lasciano il segno.”<br />Michele Nocera – Tuttodanza</p><p>“Fredy Franzutti, ho molto rispetto per lui, per il suo lavoro, per il suo impegno come artista”<br />Pier Luigi Pizzi – Il Quotidiano</p><p>“In particolare ho un ottimo rapporto con il coreografo Fredy Franzutti… perché oltre alla sua straordinaria ed inventiva vena romantica, possiede anche la capacità di far ridere e le coreografie sono gli spiriti più difficili da raggiungere”. Beppe De Tomasi</p><p>«Questo si colloca Franzutti nel solco storico di tanti grandi coreografi della scuola britannica.»<br />Nicola Sbisà – Gazzetta del Mezzogiorno</p>								</div>
				</div>
					</div>
		</div>
					</div>
		</section>
				</div>

<p>FREDY FRANZUTTI ITALY / Class: Ballet FREDY Franzutti was immediately considered the &#8220;garçon prodigy choreography Italian&#8221; (Michele Nocera -Tuttodanza), and &#8220;one of the most respected choreographers in the national&#8221; (Vittoria Ottolenghi). Create ballets for the Theatre &#8220;Bolshoi&#8221; Moscow, for the Rome Opera, the Teatro dell&#8217;Opera in Sophia, the Monte Carlo Opera, the Opera of Bilbao, [&hellip;]</p>
