{"id":425,"date":"2020-12-28T14:19:07","date_gmt":"2020-12-28T14:19:07","guid":{"rendered":"https:\/\/migrate.worlddancemovement.com\/?page_id=425"},"modified":"2023-10-05T22:24:40","modified_gmt":"2023-10-05T22:24:40","slug":"kleidi-kadiu","status":"publish","type":"page","link":"https:\/\/worlddancemovement.com\/it_it\/faculty-italy\/kleidi-kadiu\/","title":{"rendered":"KLEIDI KADIU"},"content":{"rendered":"<div data-elementor-type=\"wp-page\" data-elementor-id=\"425\" class=\"elementor elementor-425\" data-elementor-post-type=\"page\">\n\t\t\t\t\t\t<section class=\"elementor-section elementor-top-section elementor-element elementor-element-94ec49d elementor-section-full_width elementor-section-height-min-height elementor-section-height-default elementor-section-items-middle\" data-id=\"94ec49d\" data-element_type=\"section\" data-e-type=\"section\" data-settings=\"{&quot;background_background&quot;:&quot;classic&quot;}\">\n\t\t\t\t\t\t\t<div class=\"elementor-background-overlay\"><\/div>\n\t\t\t\t\t\t\t<div class=\"elementor-container elementor-column-gap-no\">\n\t\t\t\t\t<div class=\"elementor-column elementor-col-100 elementor-top-column elementor-element elementor-element-8268956\" data-id=\"8268956\" data-element_type=\"column\" data-e-type=\"column\">\n\t\t\t<div class=\"elementor-widget-wrap elementor-element-populated\">\n\t\t\t\t\t\t<div class=\"elementor-element elementor-element-5016628 elementor-widget elementor-widget-heading\" data-id=\"5016628\" data-element_type=\"widget\" data-e-type=\"widget\" data-widget_type=\"heading.default\">\n\t\t\t\t<div class=\"elementor-widget-container\">\n\t\t\t\t\t<h2 class=\"elementor-heading-title elementor-size-default\">KLEIDI KADIU\n<\/h2>\t\t\t\t<\/div>\n\t\t\t\t<\/div>\n\t\t\t\t<div class=\"elementor-element elementor-element-a86216f elementor-widget-divider--view-line elementor-widget elementor-widget-divider\" data-id=\"a86216f\" data-element_type=\"widget\" data-e-type=\"widget\" data-widget_type=\"divider.default\">\n\t\t\t\t<div class=\"elementor-widget-container\">\n\t\t\t\t\t\t\t<div class=\"elementor-divider\">\n\t\t\t<span class=\"elementor-divider-separator\">\n\t\t\t\t\t\t<\/span>\n\t\t<\/div>\n\t\t\t\t\t\t<\/div>\n\t\t\t\t<\/div>\n\t\t\t\t\t<\/div>\n\t\t<\/div>\n\t\t\t\t\t<\/div>\n\t\t<\/section>\n\t\t\t\t<section class=\"elementor-section elementor-top-section elementor-element elementor-element-a2d6cca elementor-section-full_width elementor-section-height-default elementor-section-height-default\" data-id=\"a2d6cca\" data-element_type=\"section\" data-e-type=\"section\">\n\t\t\t\t\t\t<div class=\"elementor-container elementor-column-gap-default\">\n\t\t\t\t\t<div class=\"elementor-column elementor-col-100 elementor-top-column elementor-element elementor-element-a45c6d3\" data-id=\"a45c6d3\" data-element_type=\"column\" data-e-type=\"column\">\n\t\t\t<div class=\"elementor-widget-wrap elementor-element-populated\">\n\t\t\t\t\t\t<div class=\"elementor-element elementor-element-f854b1f elementor-widget elementor-widget-heading\" data-id=\"f854b1f\" data-element_type=\"widget\" data-e-type=\"widget\" data-widget_type=\"heading.default\">\n\t\t\t\t<div class=\"elementor-widget-container\">\n\t\t\t\t\t<h2 class=\"elementor-heading-title elementor-size-default\">CONTEMPORANEA - ALBANIA\/ITALIA\n\n<\/h2>\t\t\t\t<\/div>\n\t\t\t\t<\/div>\n\t\t\t\t<div class=\"elementor-element elementor-element-cbe4344 elementor-widget elementor-widget-text-editor\" data-id=\"cbe4344\" data-element_type=\"widget\" data-e-type=\"widget\" data-widget_type=\"text-editor.default\">\n\t\t\t\t<div class=\"elementor-widget-container\">\n\t\t\t\t\t\t\t\t\t<p>Kledi \u00e8 nato a Tirana, in Albania. Ha studiato presso l&#039;Accademia Nazionale di Danza dove si \u00e8 diplomato nel 1992. Nello stesso anno \u00e8 stato ingaggiato dal Teatro Nazionale dell&#039;Opera e del Balletto dell&#039;Albania e ha ballato ruoli da solista in \u201cGiselle\u201d, \u201cLo Schiaccianoci\u201d, \u201cDon Chisciotte\u201d. , \u201cDafne e Chloe\u201d.<\/p><p>Nel 1993 si trasferisce in Italia e lavora a Mantova e successivamente a Rovereto. La sua prima esperienza televisiva risale al 1996 e l&#039;anno successivo Kledi diventa primo ballerino di popolari programmi televisivi come \u201cBuona Domenica\u201d, \u201cC&#039;\u00e8 posta per te\u201d e \u201cAmici\u201d.<\/p><p>Nel 2004 fonda Kledi Dance e vince il Premio \u201cGino Tani\u201d come Artista dell&#039;Anno. Nello stesso anno il Presidente dell&#039;Albania, Alfred Moisiu, ha riconosciuto a Kledi Kadiu l&#039;Alta Onorificenza di \u201cAmbasciatore della Nazione\u201d per la sua \u201cInterpretazione dell&#039;arte coreografica e la rappresentazione dell&#039;immagine e dei valori dell&#039;Albania all&#039;estero\u201d.<\/p><p>Nel 2005 ha avuto la sua prima esperienza cinematografica con \u201cPasso a due\u201d (regia di Andrea Barzini e coreografie di Mauro Mosconi) seguito dal film \u201cLa cura del gorilla\u201d con Claudio Bisio (regia di Carlo Sigon).<\/p><p>Nel 2006 Kledi \u00e8 stato protagonista della trasmissione televisiva \u201cMa chi l&#039;avrebbe mai detto\u201d (in onda su Rai 1 e diretta da Giuliana Gamba, con Ornella Muti e Katia Ricciarelli). Nello stesso anno riceve il Premio \u201cLa Ginestra d&#039;Oro\u201d come miglior ballerino televisivo.<\/p><p>Nel 2007-2009 \u00e8 stato il protagonista di \u201cGiulietta e Romeo\u201d di Fabrizio Monteverde con il Balletto di Roma.<\/p><p>Nel 2009 ha pubblicato il suo libro autobiografico \u2013 \u201cMeglio di una favola\u201d. Il libro ha vinto il Premio Elsa Morante &#039;Ragazzi&#039; a Napoli.<\/p><p>Nel 2009 diventa anche testimonial PIGOTTA per il progetto l&#039;UNICEF.<\/p><p>Nel giugno 2010 ha ricevuto il Premio \u201cAriston Proballet 2010\u2033.<\/p><p>Nel 2010 Kledi \u00e8 Testimonial Ufficiale degli eventi Albania-Italia \u201cDue popoli, un mare, un&#039;amicizia\u201d.<\/p><p>Nel luglio 2010 vince il Premio \u201cAcqui Danza 2010\u2033 per la sua capacit\u00e0 di far apprezzare la danza al pubblico televisivo indipendentemente dal suo interesse specifico per questa forma d&#039;arte.<\/p><p>Nel 2010\/2011 \u00e8 stato protagonista dello spettacolo di danza \u201cNon solo Bolero\u201d con la Compagnia Mvula Sungani.<\/p><p>Nel 2010 l\u2019UNICEF lo sceglie come Testimonail per la campagna \u201cIOcomeTU \u2013 Mai nemici per la pelle\u201d. Questo progetto nasce per promuovere un cambiamento sociale positivo che prevenga un atteggiamento discriminatorio nei confronti dei gruppi vulnerabili di bambini e adolescenti, come i bambini e gli adolescenti di origine straniera sul territorio italiano.<\/p><p>Nel 2010 Kledi Kadiu diventa anche conduttore della trasmissione televisiva culturale \u201cStep \u2013 passi di danza\u201d, prodotta da Vittoria Cappelli, diretta da Alessandro Tresa e in onda su Rai 5.<\/p><p>Nel maggio 2011 Kledi Kadiu si \u00e8 recato in Bangladesh per una missione con l&#039;Unicef per dimostrare l&#039;impegno dell&#039;organizzazione nella protezione dei bambini.<\/p><p>Nell&#039;ottobre 2011 \u00e8 stato conduttore della seconda edizione di PROGETTI DI DANZA e inviato speciale del Teatro alla Scala di Milano per la prima di RAIMONDA.<\/p><p>Nell&#039;aprile 2012 \u00e8 stato insignito del Titolo di \u201cGran Maestro\u201d dalla sua terra d&#039;origine, l&#039;Albania, per la sua attivit\u00e0 artistica e per il suo contributo alla divulgazione della danza a livello internazionale.<\/p><p>Nel settembre 2012 Kledi Kadiu \u00e8 stato protagonista della 69esima Mostra Internazionale d&#039;arte cinematografica di Venezia con il film \u201cLa Nave Dolce\u201d diretto da Daniele Vicari. Il film ha vinto il Premio Pasinetti come miglior documentario.<\/p><p>Nel febbraio 2013 ha ospitato il balletto Notre-Dame de Paris di Roland Petit dal Teatro alla Scala di Milano andato in onda su Rai 5.<\/p><p>Nell&#039;aprile 2013 Kledi \u00e8 stata testimonial dell&#039;AISM (Associazione Italiana per la Ricerca contro la Sclerosi Multipla).<\/p><p>Nell&#039;agosto 2013 ha ricevuto il Premio Re Manfredi per la Danza.<\/p><p>Nell&#039;ottobre 2013 ha condotto la IV edizione dello spettacolo DANZA in onda su Rai 5.<\/p><p>Nel novembre 2014 ha fatto parte del corpo docente di danza per il Talent Show Amici in onda su Canale 5.<\/p><p>Nel 2014-2015 \u00e8 protagonista di \u201cTango Contemporaneo\u201d con il Balletto di Roma con la coreografia di Milena Zullo.<\/p><p>Nel dicembre 2014 ha vinto il Premio Personalit\u00e0 Europea.<\/p>\t\t\t\t\t\t\t\t<\/div>\n\t\t\t\t<\/div>\n\t\t\t\t\t<\/div>\n\t\t<\/div>\n\t\t\t\t\t<\/div>\n\t\t<\/section>\n\t\t\t\t<\/div>","protected":false},"excerpt":{"rendered":"<p>KLEIDI KADIU CONTEMPORARY &#8211; ALBANIA \/ ITALY Kledi was born in Tirana, Albania. He studied at the National Accademy of Dance where he graduated in 1992. In the same year he was hired by the National Theatre of Opera and Ballet of Albania and he danced solo roles in \u201cGiselle\u201d, \u201cThe Nutcracker\u201d, \u201cDon Quixote\u201d, \u201cDafne [&hellip;]<\/p>\n","protected":false},"author":6,"featured_media":0,"parent":329,"menu_order":0,"comment_status":"closed","ping_status":"closed","template":"","meta":{"_acf_changed":false,"site-sidebar-layout":"no-sidebar","site-content-layout":"page-builder","ast-site-content-layout":"default","site-content-style":"default","site-sidebar-style":"default","ast-global-header-display":"","ast-banner-title-visibility":"","ast-main-header-display":"","ast-hfb-above-header-display":"","ast-hfb-below-header-display":"","ast-hfb-mobile-header-display":"","site-post-title":"disabled","ast-breadcrumbs-content":"","ast-featured-img":"disabled","footer-sml-layout":"","ast-disable-related-posts":"","theme-transparent-header-meta":"default","adv-header-id-meta":"","stick-header-meta":"default","header-above-stick-meta":"","header-main-stick-meta":"","header-below-stick-meta":"","astra-migrate-meta-layouts":"default","ast-page-background-enabled":"default","ast-page-background-meta":{"desktop":{"background-color":"","background-image":"","background-repeat":"repeat","background-position":"center center","background-size":"auto","background-attachment":"scroll","background-type":"","background-media":"","overlay-type":"","overlay-color":"","overlay-opacity":"","overlay-gradient":""},"tablet":{"background-color":"","background-image":"","background-repeat":"repeat","background-position":"center center","background-size":"auto","background-attachment":"scroll","background-type":"","background-media":"","overlay-type":"","overlay-color":"","overlay-opacity":"","overlay-gradient":""},"mobile":{"background-color":"","background-image":"","background-repeat":"repeat","background-position":"center center","background-size":"auto","background-attachment":"scroll","background-type":"","background-media":"","overlay-type":"","overlay-color":"","overlay-opacity":"","overlay-gradient":""}},"ast-content-background-meta":{"desktop":{"background-color":"var(--ast-global-color-5)","background-image":"","background-repeat":"repeat","background-position":"center center","background-size":"auto","background-attachment":"scroll","background-type":"","background-media":"","overlay-type":"","overlay-color":"","overlay-opacity":"","overlay-gradient":""},"tablet":{"background-color":"var(--ast-global-color-5)","background-image":"","background-repeat":"repeat","background-position":"center center","background-size":"auto","background-attachment":"scroll","background-type":"","background-media":"","overlay-type":"","overlay-color":"","overlay-opacity":"","overlay-gradient":""},"mobile":{"background-color":"var(--ast-global-color-5)","background-image":"","background-repeat":"repeat","background-position":"center center","background-size":"auto","background-attachment":"scroll","background-type":"","background-media":"","overlay-type":"","overlay-color":"","overlay-opacity":"","overlay-gradient":""}},"footnotes":""},"class_list":["post-425","page","type-page","status-publish","hentry"],"acf":[],"jetpack_sharing_enabled":true,"_links":{"self":[{"href":"https:\/\/worlddancemovement.com\/it_it\/wp-json\/wp\/v2\/pages\/425","targetHints":{"allow":["GET"]}}],"collection":[{"href":"https:\/\/worlddancemovement.com\/it_it\/wp-json\/wp\/v2\/pages"}],"about":[{"href":"https:\/\/worlddancemovement.com\/it_it\/wp-json\/wp\/v2\/types\/page"}],"author":[{"embeddable":true,"href":"https:\/\/worlddancemovement.com\/it_it\/wp-json\/wp\/v2\/users\/6"}],"replies":[{"embeddable":true,"href":"https:\/\/worlddancemovement.com\/it_it\/wp-json\/wp\/v2\/comments?post=425"}],"version-history":[{"count":10,"href":"https:\/\/worlddancemovement.com\/it_it\/wp-json\/wp\/v2\/pages\/425\/revisions"}],"predecessor-version":[{"id":13357,"href":"https:\/\/worlddancemovement.com\/it_it\/wp-json\/wp\/v2\/pages\/425\/revisions\/13357"}],"up":[{"embeddable":true,"href":"https:\/\/worlddancemovement.com\/it_it\/wp-json\/wp\/v2\/pages\/329"}],"wp:attachment":[{"href":"https:\/\/worlddancemovement.com\/it_it\/wp-json\/wp\/v2\/media?parent=425"}],"curies":[{"name":"parola chiave","href":"https:\/\/api.w.org\/{rel}","templated":true}]}}

<div data-elementor-type="wp-page" data-elementor-id="425" class="elementor elementor-425" data-elementor-post-type="page">
						<section class="elementor-section elementor-top-section elementor-element elementor-element-94ec49d elementor-section-full_width elementor-section-height-min-height elementor-section-height-default elementor-section-items-middle" data-id="94ec49d" data-element_type="section" data-e-type="section" data-settings="{&quot;background_background&quot;:&quot;classic&quot;}">
							<div class="elementor-background-overlay"></div>
							<div class="elementor-container elementor-column-gap-no">
					<div class="elementor-column elementor-col-100 elementor-top-column elementor-element elementor-element-8268956" data-id="8268956" data-element_type="column" data-e-type="column">
			<div class="elementor-widget-wrap elementor-element-populated">
						<div class="elementor-element elementor-element-5016628 elementor-widget elementor-widget-heading" data-id="5016628" data-element_type="widget" data-e-type="widget" data-widget_type="heading.default">
				<div class="elementor-widget-container">
					<h2 class="elementor-heading-title elementor-size-default">KLEIDI KADIU
</h2>				</div>
				</div>
				<div class="elementor-element elementor-element-a86216f elementor-widget-divider--view-line elementor-widget elementor-widget-divider" data-id="a86216f" data-element_type="widget" data-e-type="widget" data-widget_type="divider.default">
				<div class="elementor-widget-container">
							<div class="elementor-divider">
			<span class="elementor-divider-separator">
						</span>
		</div>
						</div>
				</div>
					</div>
		</div>
					</div>
		</section>
				<section class="elementor-section elementor-top-section elementor-element elementor-element-a2d6cca elementor-section-full_width elementor-section-height-default elementor-section-height-default" data-id="a2d6cca" data-element_type="section" data-e-type="section">
						<div class="elementor-container elementor-column-gap-default">
					<div class="elementor-column elementor-col-100 elementor-top-column elementor-element elementor-element-a45c6d3" data-id="a45c6d3" data-element_type="column" data-e-type="column">
			<div class="elementor-widget-wrap elementor-element-populated">
						<div class="elementor-element elementor-element-f854b1f elementor-widget elementor-widget-heading" data-id="f854b1f" data-element_type="widget" data-e-type="widget" data-widget_type="heading.default">
				<div class="elementor-widget-container">
					<h2 class="elementor-heading-title elementor-size-default">CONTEMPORANEA - ALBANIA/ITALIA

</h2>				</div>
				</div>
				<div class="elementor-element elementor-element-cbe4344 elementor-widget elementor-widget-text-editor" data-id="cbe4344" data-element_type="widget" data-e-type="widget" data-widget_type="text-editor.default">
				<div class="elementor-widget-container">
									<p>Kledi è nato a Tirana, in Albania. Ha studiato presso l&#039;Accademia Nazionale di Danza dove si è diplomato nel 1992. Nello stesso anno è stato ingaggiato dal Teatro Nazionale dell&#039;Opera e del Balletto dell&#039;Albania e ha ballato ruoli da solista in “Giselle”, “Lo Schiaccianoci”, “Don Chisciotte”. , “Dafne e Chloe”.</p><p>Nel 1993 si trasferisce in Italia e lavora a Mantova e successivamente a Rovereto. La sua prima esperienza televisiva risale al 1996 e l&#039;anno successivo Kledi diventa primo ballerino di popolari programmi televisivi come “Buona Domenica”, “C&#039;è posta per te” e “Amici”.</p><p>Nel 2004 fonda Kledi Dance e vince il Premio “Gino Tani” come Artista dell&#039;Anno. Nello stesso anno il Presidente dell&#039;Albania, Alfred Moisiu, ha riconosciuto a Kledi Kadiu l&#039;Alta Onorificenza di “Ambasciatore della Nazione” per la sua “Interpretazione dell&#039;arte coreografica e la rappresentazione dell&#039;immagine e dei valori dell&#039;Albania all&#039;estero”.</p><p>Nel 2005 ha avuto la sua prima esperienza cinematografica con “Passo a due” (regia di Andrea Barzini e coreografie di Mauro Mosconi) seguito dal film “La cura del gorilla” con Claudio Bisio (regia di Carlo Sigon).</p><p>Nel 2006 Kledi è stato protagonista della trasmissione televisiva “Ma chi l&#039;avrebbe mai detto” (in onda su Rai 1 e diretta da Giuliana Gamba, con Ornella Muti e Katia Ricciarelli). Nello stesso anno riceve il Premio “La Ginestra d&#039;Oro” come miglior ballerino televisivo.</p><p>Nel 2007-2009 è stato il protagonista di “Giulietta e Romeo” di Fabrizio Monteverde con il Balletto di Roma.</p><p>Nel 2009 ha pubblicato il suo libro autobiografico – “Meglio di una favola”. Il libro ha vinto il Premio Elsa Morante &#039;Ragazzi&#039; a Napoli.</p><p>Nel 2009 diventa anche testimonial PIGOTTA per il progetto l&#039;UNICEF.</p><p>Nel giugno 2010 ha ricevuto il Premio “Ariston Proballet 2010″.</p><p>Nel 2010 Kledi è Testimonial Ufficiale degli eventi Albania-Italia “Due popoli, un mare, un&#039;amicizia”.</p><p>Nel luglio 2010 vince il Premio “Acqui Danza 2010″ per la sua capacità di far apprezzare la danza al pubblico televisivo indipendentemente dal suo interesse specifico per questa forma d&#039;arte.</p><p>Nel 2010/2011 è stato protagonista dello spettacolo di danza “Non solo Bolero” con la Compagnia Mvula Sungani.</p><p>Nel 2010 l’UNICEF lo sceglie come Testimonail per la campagna “IOcomeTU – Mai nemici per la pelle”. Questo progetto nasce per promuovere un cambiamento sociale positivo che prevenga un atteggiamento discriminatorio nei confronti dei gruppi vulnerabili di bambini e adolescenti, come i bambini e gli adolescenti di origine straniera sul territorio italiano.</p><p>Nel 2010 Kledi Kadiu diventa anche conduttore della trasmissione televisiva culturale “Step – passi di danza”, prodotta da Vittoria Cappelli, diretta da Alessandro Tresa e in onda su Rai 5.</p><p>Nel maggio 2011 Kledi Kadiu si è recato in Bangladesh per una missione con l&#039;Unicef per dimostrare l&#039;impegno dell&#039;organizzazione nella protezione dei bambini.</p><p>Nell&#039;ottobre 2011 è stato conduttore della seconda edizione di PROGETTI DI DANZA e inviato speciale del Teatro alla Scala di Milano per la prima di RAIMONDA.</p><p>Nell&#039;aprile 2012 è stato insignito del Titolo di “Gran Maestro” dalla sua terra d&#039;origine, l&#039;Albania, per la sua attività artistica e per il suo contributo alla divulgazione della danza a livello internazionale.</p><p>Nel settembre 2012 Kledi Kadiu è stato protagonista della 69esima Mostra Internazionale d&#039;arte cinematografica di Venezia con il film “La Nave Dolce” diretto da Daniele Vicari. Il film ha vinto il Premio Pasinetti come miglior documentario.</p><p>Nel febbraio 2013 ha ospitato il balletto Notre-Dame de Paris di Roland Petit dal Teatro alla Scala di Milano andato in onda su Rai 5.</p><p>Nell&#039;aprile 2013 Kledi è stata testimonial dell&#039;AISM (Associazione Italiana per la Ricerca contro la Sclerosi Multipla).</p><p>Nell&#039;agosto 2013 ha ricevuto il Premio Re Manfredi per la Danza.</p><p>Nell&#039;ottobre 2013 ha condotto la IV edizione dello spettacolo DANZA in onda su Rai 5.</p><p>Nel novembre 2014 ha fatto parte del corpo docente di danza per il Talent Show Amici in onda su Canale 5.</p><p>Nel 2014-2015 è protagonista di “Tango Contemporaneo” con il Balletto di Roma con la coreografia di Milena Zullo.</p><p>Nel dicembre 2014 ha vinto il Premio Personalità Europea.</p>								</div>
				</div>
					</div>
		</div>
					</div>
		</section>
				</div>
